{"id":199987,"date":"2011-09-12T14:16:00","date_gmt":"2011-09-12T14:16:00","guid":{"rendered":"https:\/\/admin.industriall-union.org\/archive\/imf\/rol-de-la-comunicacion-en-la-actividad-sindical\/"},"modified":"2025-01-31T09:04:37","modified_gmt":"2025-01-31T09:04:37","slug":"rol-de-la-comunicacion-en-la-actividad-sindical","status":"publish","type":"archive_imf","link":"https:\/\/admin.industriall-union.org\/es\/archive\/imf\/rol-de-la-comunicacion-en-la-actividad-sindical\/","title":{"rendered":"Rol de la comunicaci\u00f3n en la actividad sindical"},"content":{"rendered":"<p>Brasil: Importante debate sobre el rol de la comunicaci\u00f3n en la actividad sindical se gener\u00f3 en el Foro de Comunicadores que organiz\u00f3 la FITIM el 08 y 09 de septiembre en Sao Paulo, Brasil. Encuentro que cont\u00f3 con la presencia de Jorge Almeida, representante de la Ofician Regional de la FITIM en Am\u00e9rica Latina y el Caribe, Monica Veloso, presidenta de la Confederaci\u00f3n Nacional de Trabajadores Metal\u00fargicos, CNTM-FS, y Valter Sanches, de la Confederaci\u00f3n Nacional Metal\u00fargicos CNM-CUT, ambas organizaciones afiliadas a la FITIM.<\/p><p>Al encuentro asistieron representantes de las comunicaciones de sindicatos afiliados de Brasil \u00a0la CNM-CUT, y a la CNTM-FS. As\u00ed como tambi\u00e9n representantes sindicales de las organizaciones \u00a0afiliadas a la FITIM de Am\u00e9rica Latina: Asimra de Argentina, Fetramecol y Utrammicol de Colombia, FTC de Chile, de M\u00e9xico, y Fenamepsicop de Per\u00fa.<\/p><p>En el Foro de Comunicaciones los participantes expusieron la realidad de sus organizaciones sindicales en los temas de informaci\u00f3n y comunicaci\u00f3n. As\u00ed como tambi\u00e9n la FITIM explico los actuales canales de comunicaci\u00f3n y lo que se pretende generar en dicha \u00e1rea en la nueva Federaci\u00f3n Sindical Internacional.<\/p><p>En la inauguraci\u00f3n de la reuni\u00f3n, Valter Sanches, se\u00f1al\u00f3 la importancia de que los trabajadores tengan sus propios medios, ya que los nacionales est\u00e1n dominados por la \u00e9lite, el gobierno y el empresariados. &quot;Los medios dominantes son como partidos de oposici\u00f3n&quot;, se\u00f1al\u00f3. En tanto, M\u00f3nica Veloso, apunt\u00f3 a que la comunicaci\u00f3n debe tener un valor, que hay que potencializar. &quot;Fortalecer estrategias y luchas, y adem\u00e1s los medios de comunicaci\u00f3n de cada afiliado&quot;.<\/p><p>Los asistentes valoraron la instancia de generar dichos encuentros, se propusieron avances para el desaf\u00edo de lograr que los sindicatos, y sus dirigentes tomen conciencia de la importancia de la comunicaci\u00f3n y el rol que juega en la acci\u00f3n sindical. Asimismo se gener\u00f3 la instancia para formar una red entre los participantes al Foro, la cual genere intercambio de informaci\u00f3n. Lo que vendr\u00eda a combatir el problema de la recepci\u00f3n de la informaci\u00f3n, que gran parte de las organizaciones presenta. La falta de respuesta y de reacci\u00f3n frente a la emisi\u00f3n de informaci\u00f3n.<\/p><p>El segundo d\u00eda del Foro, se realiz\u00f3 una visita en terreno al canal de televisi\u00f3n de los trabajadores, que est\u00e1 ubicado en Sao Bernardo do Campo. La delegaci\u00f3n observ\u00f3 las instalaciones del canal, sus estudios, formas de trabajo, y compartir con el equipo de trabajadores (ver nota aparte).<\/p><p>Para la FITIM, el Foro de Comunicadores,\u00a0 fue un encuentro de buen debate y profesionalismo. Donde se abrieron espacios de comunicaci\u00f3n, e inter\u00e9s de dirigentes sindicales por el \u00e1rea de comunicaci\u00f3n, espec\u00edficamente de los medios de informaci\u00f3n. Con ello se pretende lograr disminuir la brecha que existe entre los sindicatos de la regi\u00f3n respecto al uso de los medios y las formas de comunicarse con sus trabajadores.<\/p>","protected":false},"featured_media":0,"template":"","class_list":["post-199987","archive_imf","type-archive_imf","status-publish","hentry"],"acf":[],"yoast_head":"<!-- This site is optimized with the Yoast SEO Premium plugin v27.1 (Yoast SEO v27.1) - https:\/\/yoast.com\/product\/yoast-seo-premium-wordpress\/ -->\n<title>Rol de la comunicaci\u00f3n en la actividad sindical - industriall-union<\/title>\n<meta name=\"robots\" content=\"index, follow, max-snippet:-1, max-image-preview:large, max-video-preview:-1\" \/>\n<link rel=\"canonical\" href=\"https:\/\/admin.industriall-union.org\/es\/archive\/imf\/rol-de-la-comunicacion-en-la-actividad-sindical\/\" \/>\n<meta property=\"og:locale\" content=\"es_ES\" \/>\n<meta property=\"og:type\" content=\"article\" \/>\n<meta property=\"og:title\" content=\"Rol de la comunicaci\u00f3n en la actividad sindical\" \/>\n<meta property=\"og:description\" content=\"Brasil: Importante debate sobre el rol de la comunicaci\u00f3n en la actividad sindical se gener\u00f3 en el Foro de Comunicadores que organiz\u00f3 la FITIM el 08 y 09 de septiembre en Sao Paulo, Brasil. Encuentro que cont\u00f3 con la presencia de Jorge Almeida, representante de la Ofician Regional de la FITIM en Am\u00e9rica Latina y [&hellip;]\" \/>\n<meta property=\"og:url\" content=\"https:\/\/admin.industriall-union.org\/es\/archive\/imf\/rol-de-la-comunicacion-en-la-actividad-sindical\/\" \/>\n<meta property=\"og:site_name\" content=\"industriall-union\" \/>\n<meta property=\"article:modified_time\" content=\"2025-01-31T09:04:37+00:00\" \/>\n<meta name=\"twitter:card\" content=\"summary_large_image\" \/>\n<meta name=\"twitter:label1\" content=\"Est. reading time\" \/>\n\t<meta name=\"twitter:data1\" content=\"3 minutes\" \/>\n<script type=\"application\/ld+json\" class=\"yoast-schema-graph\">{\"@context\":\"https:\/\/schema.org\",\"@graph\":[{\"@type\":\"WebPage\",\"@id\":\"https:\/\/admin.industriall-union.org\/es\/archive\/imf\/rol-de-la-comunicacion-en-la-actividad-sindical\/\",\"url\":\"https:\/\/admin.industriall-union.org\/es\/archive\/imf\/rol-de-la-comunicacion-en-la-actividad-sindical\/\",\"name\":\"Rol de la comunicaci\u00f3n en la actividad sindical - industriall-union\",\"isPartOf\":{\"@id\":\"https:\/\/admin.industriall-union.org\/#website\"},\"datePublished\":\"2011-09-12T14:16:00+00:00\",\"dateModified\":\"2025-01-31T09:04:37+00:00\",\"breadcrumb\":{\"@id\":\"https:\/\/admin.industriall-union.org\/es\/archive\/imf\/rol-de-la-comunicacion-en-la-actividad-sindical\/#breadcrumb\"},\"inLanguage\":\"es-ES\",\"potentialAction\":[{\"@type\":\"ReadAction\",\"target\":[\"https:\/\/admin.industriall-union.org\/es\/archive\/imf\/rol-de-la-comunicacion-en-la-actividad-sindical\/\"]}]},{\"@type\":\"BreadcrumbList\",\"@id\":\"https:\/\/admin.industriall-union.org\/es\/archive\/imf\/rol-de-la-comunicacion-en-la-actividad-sindical\/#breadcrumb\",\"itemListElement\":[{\"@type\":\"ListItem\",\"position\":1,\"name\":\"Home\",\"item\":\"https:\/\/admin.industriall-union.org\/\"},{\"@type\":\"ListItem\",\"position\":2,\"name\":\"Archive Imf\",\"item\":\"https:\/\/admin.industriall-union.org\/es\/archive\/imf\/\"},{\"@type\":\"ListItem\",\"position\":3,\"name\":\"Rol de la comunicaci\u00f3n en la actividad sindical\"}]},{\"@type\":\"WebSite\",\"@id\":\"https:\/\/admin.industriall-union.org\/#website\",\"url\":\"https:\/\/admin.industriall-union.org\/\",\"name\":\"industriall-union\",\"description\":\"\",\"potentialAction\":[{\"@type\":\"SearchAction\",\"target\":{\"@type\":\"EntryPoint\",\"urlTemplate\":\"https:\/\/admin.industriall-union.org\/?s={search_term_string}\"},\"query-input\":{\"@type\":\"PropertyValueSpecification\",\"valueRequired\":true,\"valueName\":\"search_term_string\"}}],\"inLanguage\":\"es-ES\"}]}<\/script>\n<!-- \/ Yoast SEO Premium plugin. -->","yoast_head_json":{"title":"Rol de la comunicaci\u00f3n en la actividad sindical - industriall-union","robots":{"index":"index","follow":"follow","max-snippet":"max-snippet:-1","max-image-preview":"max-image-preview:large","max-video-preview":"max-video-preview:-1"},"canonical":"https:\/\/admin.industriall-union.org\/es\/archive\/imf\/rol-de-la-comunicacion-en-la-actividad-sindical\/","og_locale":"es_ES","og_type":"article","og_title":"Rol de la comunicaci\u00f3n en la actividad sindical","og_description":"Brasil: Importante debate sobre el rol de la comunicaci\u00f3n en la actividad sindical se gener\u00f3 en el Foro de Comunicadores que organiz\u00f3 la FITIM el 08 y 09 de septiembre en Sao Paulo, Brasil. Encuentro que cont\u00f3 con la presencia de Jorge Almeida, representante de la Ofician Regional de la FITIM en Am\u00e9rica Latina y [&hellip;]","og_url":"https:\/\/admin.industriall-union.org\/es\/archive\/imf\/rol-de-la-comunicacion-en-la-actividad-sindical\/","og_site_name":"industriall-union","article_modified_time":"2025-01-31T09:04:37+00:00","twitter_card":"summary_large_image","twitter_misc":{"Est. reading time":"3 minutes"},"schema":{"@context":"https:\/\/schema.org","@graph":[{"@type":"WebPage","@id":"https:\/\/admin.industriall-union.org\/es\/archive\/imf\/rol-de-la-comunicacion-en-la-actividad-sindical\/","url":"https:\/\/admin.industriall-union.org\/es\/archive\/imf\/rol-de-la-comunicacion-en-la-actividad-sindical\/","name":"Rol de la comunicaci\u00f3n en la actividad sindical - industriall-union","isPartOf":{"@id":"https:\/\/admin.industriall-union.org\/#website"},"datePublished":"2011-09-12T14:16:00+00:00","dateModified":"2025-01-31T09:04:37+00:00","breadcrumb":{"@id":"https:\/\/admin.industriall-union.org\/es\/archive\/imf\/rol-de-la-comunicacion-en-la-actividad-sindical\/#breadcrumb"},"inLanguage":"es-ES","potentialAction":[{"@type":"ReadAction","target":["https:\/\/admin.industriall-union.org\/es\/archive\/imf\/rol-de-la-comunicacion-en-la-actividad-sindical\/"]}]},{"@type":"BreadcrumbList","@id":"https:\/\/admin.industriall-union.org\/es\/archive\/imf\/rol-de-la-comunicacion-en-la-actividad-sindical\/#breadcrumb","itemListElement":[{"@type":"ListItem","position":1,"name":"Home","item":"https:\/\/admin.industriall-union.org\/"},{"@type":"ListItem","position":2,"name":"Archive Imf","item":"https:\/\/admin.industriall-union.org\/es\/archive\/imf\/"},{"@type":"ListItem","position":3,"name":"Rol de la comunicaci\u00f3n en la actividad sindical"}]},{"@type":"WebSite","@id":"https:\/\/admin.industriall-union.org\/#website","url":"https:\/\/admin.industriall-union.org\/","name":"industriall-union","description":"","potentialAction":[{"@type":"SearchAction","target":{"@type":"EntryPoint","urlTemplate":"https:\/\/admin.industriall-union.org\/?s={search_term_string}"},"query-input":{"@type":"PropertyValueSpecification","valueRequired":true,"valueName":"search_term_string"}}],"inLanguage":"es-ES"}]}},"_links":{"self":[{"href":"https:\/\/admin.industriall-union.org\/es\/wp-json\/wp\/v2\/archive_imf\/199987","targetHints":{"allow":["GET"]}}],"collection":[{"href":"https:\/\/admin.industriall-union.org\/es\/wp-json\/wp\/v2\/archive_imf"}],"about":[{"href":"https:\/\/admin.industriall-union.org\/es\/wp-json\/wp\/v2\/types\/archive_imf"}],"wp:attachment":[{"href":"https:\/\/admin.industriall-union.org\/es\/wp-json\/wp\/v2\/media?parent=199987"}],"curies":[{"name":"wp","href":"https:\/\/api.w.org\/{rel}","templated":true}]}}

Rol de la comunicación en la actividad sindical

<p>Brasil: Importante debate sobre el rol de la comunicación en la actividad sindical se generó en el Foro de Comunicadores que organizó la FITIM el 08 y 09 de septiembre en Sao Paulo, Brasil. Encuentro que contó con la presencia de Jorge Almeida, representante de la Ofician Regional de la FITIM en América Latina y el Caribe, Monica Veloso, presidenta de la Confederación Nacional de Trabajadores Metalúrgicos, CNTM-FS, y Valter Sanches, de la Confederación Nacional Metalúrgicos CNM-CUT, ambas organizaciones afiliadas a la FITIM.</p><p>Al encuentro asistieron representantes de las comunicaciones de sindicatos afiliados de Brasil  la CNM-CUT, y a la CNTM-FS. Así como también representantes sindicales de las organizaciones  afiliadas a la FITIM de América Latina: Asimra de Argentina, Fetramecol y Utrammicol de Colombia, FTC de Chile, de México, y Fenamepsicop de Perú.</p><p>En el Foro de Comunicaciones los participantes expusieron la realidad de sus organizaciones sindicales en los temas de información y comunicación. Así como también la FITIM explico los actuales canales de comunicación y lo que se pretende generar en dicha área en la nueva Federación Sindical Internacional.</p><p>En la inauguración de la reunión, Valter Sanches, señaló la importancia de que los trabajadores tengan sus propios medios, ya que los nacionales están dominados por la élite, el gobierno y el empresariados. &quot;Los medios dominantes son como partidos de oposición&quot;, señaló. En tanto, Mónica Veloso, apuntó a que la comunicación debe tener un valor, que hay que potencializar. &quot;Fortalecer estrategias y luchas, y además los medios de comunicación de cada afiliado&quot;.</p><p>Los asistentes valoraron la instancia de generar dichos encuentros, se propusieron avances para el desafío de lograr que los sindicatos, y sus dirigentes tomen conciencia de la importancia de la comunicación y el rol que juega en la acción sindical. Asimismo se generó la instancia para formar una red entre los participantes al Foro, la cual genere intercambio de información. Lo que vendría a combatir el problema de la recepción de la información, que gran parte de las organizaciones presenta. La falta de respuesta y de reacción frente a la emisión de información.</p><p>El segundo día del Foro, se realizó una visita en terreno al canal de televisión de los trabajadores, que está ubicado en Sao Bernardo do Campo. La delegación observó las instalaciones del canal, sus estudios, formas de trabajo, y compartir con el equipo de trabajadores (ver nota aparte).</p><p>Para la FITIM, el Foro de Comunicadores,  fue un encuentro de buen debate y profesionalismo. Donde se abrieron espacios de comunicación, e interés de dirigentes sindicales por el área de comunicación, específicamente de los medios de información. Con ello se pretende lograr disminuir la brecha que existe entre los sindicatos de la región respecto al uso de los medios y las formas de comunicarse con sus trabajadores.</p>

<!-- This site is optimized with the Yoast SEO Premium plugin v27.1 (Yoast SEO v27.1) - https://yoast.com/product/yoast-seo-premium-wordpress/ -->
<title>Rol de la comunicación en la actividad sindical - industriall-union</title>
<meta name="robots" content="index, follow, max-snippet:-1, max-image-preview:large, max-video-preview:-1" />
<link rel="canonical" href="https://admin.industriall-union.org/es/archive/imf/rol-de-la-comunicacion-en-la-actividad-sindical/" />
<meta property="og:locale" content="es_ES" />
<meta property="og:type" content="article" />
<meta property="og:title" content="Rol de la comunicación en la actividad sindical" />
<meta property="og:description" content="Brasil: Importante debate sobre el rol de la comunicación en la actividad sindical se generó en el Foro de Comunicadores que organizó la FITIM el 08 y 09 de septiembre en Sao Paulo, Brasil. Encuentro que contó con la presencia de Jorge Almeida, representante de la Ofician Regional de la FITIM en América Latina y [&hellip;]" />
<meta property="og:url" content="https://admin.industriall-union.org/es/archive/imf/rol-de-la-comunicacion-en-la-actividad-sindical/" />
<meta property="og:site_name" content="industriall-union" />
<meta property="article:modified_time" content="2025-01-31T09:04:37+00:00" />
<meta name="twitter:card" content="summary_large_image" />
<meta name="twitter:label1" content="Est. reading time" />
	<meta name="twitter:data1" content="3 minutes" />
<script type="application/ld+json" class="yoast-schema-graph">{"@context":"https://schema.org","@graph":[{"@type":"WebPage","@id":"https://admin.industriall-union.org/es/archive/imf/rol-de-la-comunicacion-en-la-actividad-sindical/","url":"https://admin.industriall-union.org/es/archive/imf/rol-de-la-comunicacion-en-la-actividad-sindical/","name":"Rol de la comunicación en la actividad sindical - industriall-union","isPartOf":{"@id":"https://admin.industriall-union.org/#website"},"datePublished":"2011-09-12T14:16:00+00:00","dateModified":"2025-01-31T09:04:37+00:00","breadcrumb":{"@id":"https://admin.industriall-union.org/es/archive/imf/rol-de-la-comunicacion-en-la-actividad-sindical/#breadcrumb"},"inLanguage":"es-ES","potentialAction":[{"@type":"ReadAction","target":["https://admin.industriall-union.org/es/archive/imf/rol-de-la-comunicacion-en-la-actividad-sindical/"]}]},{"@type":"BreadcrumbList","@id":"https://admin.industriall-union.org/es/archive/imf/rol-de-la-comunicacion-en-la-actividad-sindical/#breadcrumb","itemListElement":[{"@type":"ListItem","position":1,"name":"Home","item":"https://admin.industriall-union.org/"},{"@type":"ListItem","position":2,"name":"Archive Imf","item":"https://admin.industriall-union.org/es/archive/imf/"},{"@type":"ListItem","position":3,"name":"Rol de la comunicación en la actividad sindical"}]},{"@type":"WebSite","@id":"https://admin.industriall-union.org/#website","url":"https://admin.industriall-union.org/","name":"industriall-union","description":"","potentialAction":[{"@type":"SearchAction","target":{"@type":"EntryPoint","urlTemplate":"https://admin.industriall-union.org/?s={search_term_string}"},"query-input":{"@type":"PropertyValueSpecification","valueRequired":true,"valueName":"search_term_string"}}],"inLanguage":"es-ES"}]}</script>
<!-- / Yoast SEO Premium plugin. -->

Rol de la comunicación en la actividad sindical - industriall-union

Brasil: Importante debate sobre el rol de la comunicación en la actividad sindical se generó en el Foro de Comunicadores que organizó la FITIM el 08 y 09 de septiembre en Sao Paulo, Brasil. Encuentro que contó con la presencia de Jorge Almeida, representante de la Ofician Regional de la FITIM en América Latina y [&hellip;]
