{"id":199745,"date":"2011-11-16T08:18:00","date_gmt":"2011-11-16T08:18:00","guid":{"rendered":"https:\/\/admin.industriall-union.org\/archive\/imf\/los-sindicatos-preocupados-por-la-declaracion-del-apec-sobre-el-aact\/"},"modified":"2025-01-31T08:53:55","modified_gmt":"2025-01-31T08:53:55","slug":"los-sindicatos-preocupados-por-la-declaracion-del-apec-sobre-el-aact","status":"publish","type":"archive_imf","link":"https:\/\/admin.industriall-union.org\/es\/archive\/imf\/los-sindicatos-preocupados-por-la-declaracion-del-apec-sobre-el-aact\/","title":{"rendered":"Los sindicatos, preocupados por la declaraci\u00f3n del APEC sobre el AACT"},"content":{"rendered":"<p>ASIA-PACIFICO: La CSI se ha mostrado profundamente preocupada por la reciente evoluci\u00f3n en las negociaciones de un AACT.<br \/>&quot;Se ha agotado casi el tiempo para que los negociadores comerciales nos muestren que esta vez es diferente. No podemos apoyar, y no apoyaremos, un acuerdo comercial que acoge al 1% de nosotros y deja en la estacada al resto&quot;, dijo la secretaria general de la CSI, Sharan Burrow. <\/p><p>En un <a href=\"http:\/\/www.ituc-csi.org\/union-concern-at-apec-hawaii.html?lang=en\" target=\"_blank\">comunicado de prensa publicado ayer<\/a>, la CSI denuncia que &quot;es evidente que los negociadores del AACT, al hablar de las reuniones, han hecho muy poco para transmitir las fundadas preocupaciones de los sindicatos. En lugar de eso, el documento marco del AACT parece, en mucho aspectos, m\u00e1s de lo mismo, si no peor que antes. En efecto, en el p\u00e1rrafo sobre el trabajo se omite toda menci\u00f3n a un mecanismo de observancia, que figura en muchos ALC existentes y es una demanda fundamental de los sindicatos. Se mantienen mecanismos que permiten a las empresas demandar a los gobiernos por sus decisiones sobre reglamentaci\u00f3n, como el actual ataque contra la reglamentaci\u00f3n sobre el envasado de tabaco en Australia para proteger la salud p\u00fablica. En documentos filtrados sobre propiedad intelectual y productos farmac\u00e9uticos se sacrifica, al parecer, el acceso a medicamentos abordables al mayor beneficio de la industria farmac\u00e9utica, erigiendo, por ejemplo, obst\u00e1culos a la entrada en el mercado de medicamentos gen\u00e9ricos, m\u00e1s baratos. Este no es el acuerdo del &quot;Siglo XXI&quot; que tiene en mente la clase trabajadora. En efecto, parece un acuerdo comercial m\u00e1s que privilegia nuevas y sustanciales oportunidades a los inversores sobre buenos empleos para los trabajadores.&quot; <a href=\"..\/files\/11111609223782\/ITUC_APLN_statement.pdf\" target=\"_blank\">V\u00e9ase la declaraci\u00f3n completa aqu\u00ed<\/a>.<\/p><p>En una <a href=\"..\/files\/11111609271582\/Labor%20declaration%20on%20the%20negotiation%20of%20the%20TPPTA.pdf\" target=\"_blank\">declaraci\u00f3n conjunta publicada en 2010<\/a>, los sindicatos de Asia y el Pac\u00edfico que interven\u00edan en el AACT pidieron un acuerdo debidamente equilibrado que &quot;fomente la creaci\u00f3n de buenos empleos, proteja los derechos y los intereses de la clase trabajadora, conduzca a un desarrollo econ\u00f3mico equilibrado a largo plazo y promueva un medio ambiente sano&quot;.<\/p><p>Afiliados a la FITIM en Asia y el Pac\u00edfico y en las Am\u00e9ricas <a href=\"..\/index.cfm?c=27413&amp;l=2\" target=\"_blank\">expresaron preocupaciones similares en agosto de este a\u00f1o<\/a> y solicitaron que la creaci\u00f3n de empleos de calidad y la promoci\u00f3n de normas fundamentales del trabajo sean objetivos expl\u00edcitos del AACT.  <\/p>","protected":false},"featured_media":0,"template":"","class_list":["post-199745","archive_imf","type-archive_imf","status-publish","hentry"],"acf":[],"yoast_head":"<!-- This site is optimized with the Yoast SEO Premium plugin v27.1 (Yoast SEO v27.1) - https:\/\/yoast.com\/product\/yoast-seo-premium-wordpress\/ -->\n<title>Los sindicatos, preocupados por la declaraci\u00f3n del APEC sobre el AACT - industriall-union<\/title>\n<meta name=\"robots\" content=\"index, follow, max-snippet:-1, max-image-preview:large, max-video-preview:-1\" \/>\n<link rel=\"canonical\" href=\"https:\/\/admin.industriall-union.org\/es\/archive\/imf\/los-sindicatos-preocupados-por-la-declaracion-del-apec-sobre-el-aact\/\" \/>\n<meta property=\"og:locale\" content=\"es_ES\" \/>\n<meta property=\"og:type\" content=\"article\" \/>\n<meta property=\"og:title\" content=\"Los sindicatos, preocupados por la declaraci\u00f3n del APEC sobre el AACT\" \/>\n<meta property=\"og:description\" content=\"ASIA-PACIFICO: La CSI se ha mostrado profundamente preocupada por la reciente evoluci\u00f3n en las negociaciones de un AACT.&quot;Se ha agotado casi el tiempo para que los negociadores comerciales nos muestren que esta vez es diferente. No podemos apoyar, y no apoyaremos, un acuerdo comercial que acoge al 1% de nosotros y deja en la estacada [&hellip;]\" \/>\n<meta property=\"og:url\" content=\"https:\/\/admin.industriall-union.org\/es\/archive\/imf\/los-sindicatos-preocupados-por-la-declaracion-del-apec-sobre-el-aact\/\" \/>\n<meta property=\"og:site_name\" content=\"industriall-union\" \/>\n<meta property=\"article:modified_time\" content=\"2025-01-31T08:53:55+00:00\" \/>\n<meta name=\"twitter:card\" content=\"summary_large_image\" \/>\n<meta name=\"twitter:label1\" content=\"Est. reading time\" \/>\n\t<meta name=\"twitter:data1\" content=\"2 minutes\" \/>\n<script type=\"application\/ld+json\" class=\"yoast-schema-graph\">{\"@context\":\"https:\/\/schema.org\",\"@graph\":[{\"@type\":\"WebPage\",\"@id\":\"https:\/\/admin.industriall-union.org\/es\/archive\/imf\/los-sindicatos-preocupados-por-la-declaracion-del-apec-sobre-el-aact\/\",\"url\":\"https:\/\/admin.industriall-union.org\/es\/archive\/imf\/los-sindicatos-preocupados-por-la-declaracion-del-apec-sobre-el-aact\/\",\"name\":\"Los sindicatos, preocupados por la declaraci\u00f3n del APEC sobre el AACT - industriall-union\",\"isPartOf\":{\"@id\":\"https:\/\/admin.industriall-union.org\/#website\"},\"datePublished\":\"2011-11-16T08:18:00+00:00\",\"dateModified\":\"2025-01-31T08:53:55+00:00\",\"breadcrumb\":{\"@id\":\"https:\/\/admin.industriall-union.org\/es\/archive\/imf\/los-sindicatos-preocupados-por-la-declaracion-del-apec-sobre-el-aact\/#breadcrumb\"},\"inLanguage\":\"es-ES\",\"potentialAction\":[{\"@type\":\"ReadAction\",\"target\":[\"https:\/\/admin.industriall-union.org\/es\/archive\/imf\/los-sindicatos-preocupados-por-la-declaracion-del-apec-sobre-el-aact\/\"]}]},{\"@type\":\"BreadcrumbList\",\"@id\":\"https:\/\/admin.industriall-union.org\/es\/archive\/imf\/los-sindicatos-preocupados-por-la-declaracion-del-apec-sobre-el-aact\/#breadcrumb\",\"itemListElement\":[{\"@type\":\"ListItem\",\"position\":1,\"name\":\"Home\",\"item\":\"https:\/\/admin.industriall-union.org\/\"},{\"@type\":\"ListItem\",\"position\":2,\"name\":\"Archive Imf\",\"item\":\"https:\/\/admin.industriall-union.org\/es\/archive\/imf\/\"},{\"@type\":\"ListItem\",\"position\":3,\"name\":\"Los sindicatos, preocupados por la declaraci\u00f3n del APEC sobre el AACT\"}]},{\"@type\":\"WebSite\",\"@id\":\"https:\/\/admin.industriall-union.org\/#website\",\"url\":\"https:\/\/admin.industriall-union.org\/\",\"name\":\"industriall-union\",\"description\":\"\",\"potentialAction\":[{\"@type\":\"SearchAction\",\"target\":{\"@type\":\"EntryPoint\",\"urlTemplate\":\"https:\/\/admin.industriall-union.org\/?s={search_term_string}\"},\"query-input\":{\"@type\":\"PropertyValueSpecification\",\"valueRequired\":true,\"valueName\":\"search_term_string\"}}],\"inLanguage\":\"es-ES\"}]}<\/script>\n<!-- \/ Yoast SEO Premium plugin. -->","yoast_head_json":{"title":"Los sindicatos, preocupados por la declaraci\u00f3n del APEC sobre el AACT - industriall-union","robots":{"index":"index","follow":"follow","max-snippet":"max-snippet:-1","max-image-preview":"max-image-preview:large","max-video-preview":"max-video-preview:-1"},"canonical":"https:\/\/admin.industriall-union.org\/es\/archive\/imf\/los-sindicatos-preocupados-por-la-declaracion-del-apec-sobre-el-aact\/","og_locale":"es_ES","og_type":"article","og_title":"Los sindicatos, preocupados por la declaraci\u00f3n del APEC sobre el AACT","og_description":"ASIA-PACIFICO: La CSI se ha mostrado profundamente preocupada por la reciente evoluci\u00f3n en las negociaciones de un AACT.&quot;Se ha agotado casi el tiempo para que los negociadores comerciales nos muestren que esta vez es diferente. No podemos apoyar, y no apoyaremos, un acuerdo comercial que acoge al 1% de nosotros y deja en la estacada [&hellip;]","og_url":"https:\/\/admin.industriall-union.org\/es\/archive\/imf\/los-sindicatos-preocupados-por-la-declaracion-del-apec-sobre-el-aact\/","og_site_name":"industriall-union","article_modified_time":"2025-01-31T08:53:55+00:00","twitter_card":"summary_large_image","twitter_misc":{"Est. reading time":"2 minutes"},"schema":{"@context":"https:\/\/schema.org","@graph":[{"@type":"WebPage","@id":"https:\/\/admin.industriall-union.org\/es\/archive\/imf\/los-sindicatos-preocupados-por-la-declaracion-del-apec-sobre-el-aact\/","url":"https:\/\/admin.industriall-union.org\/es\/archive\/imf\/los-sindicatos-preocupados-por-la-declaracion-del-apec-sobre-el-aact\/","name":"Los sindicatos, preocupados por la declaraci\u00f3n del APEC sobre el AACT - industriall-union","isPartOf":{"@id":"https:\/\/admin.industriall-union.org\/#website"},"datePublished":"2011-11-16T08:18:00+00:00","dateModified":"2025-01-31T08:53:55+00:00","breadcrumb":{"@id":"https:\/\/admin.industriall-union.org\/es\/archive\/imf\/los-sindicatos-preocupados-por-la-declaracion-del-apec-sobre-el-aact\/#breadcrumb"},"inLanguage":"es-ES","potentialAction":[{"@type":"ReadAction","target":["https:\/\/admin.industriall-union.org\/es\/archive\/imf\/los-sindicatos-preocupados-por-la-declaracion-del-apec-sobre-el-aact\/"]}]},{"@type":"BreadcrumbList","@id":"https:\/\/admin.industriall-union.org\/es\/archive\/imf\/los-sindicatos-preocupados-por-la-declaracion-del-apec-sobre-el-aact\/#breadcrumb","itemListElement":[{"@type":"ListItem","position":1,"name":"Home","item":"https:\/\/admin.industriall-union.org\/"},{"@type":"ListItem","position":2,"name":"Archive Imf","item":"https:\/\/admin.industriall-union.org\/es\/archive\/imf\/"},{"@type":"ListItem","position":3,"name":"Los sindicatos, preocupados por la declaraci\u00f3n del APEC sobre el AACT"}]},{"@type":"WebSite","@id":"https:\/\/admin.industriall-union.org\/#website","url":"https:\/\/admin.industriall-union.org\/","name":"industriall-union","description":"","potentialAction":[{"@type":"SearchAction","target":{"@type":"EntryPoint","urlTemplate":"https:\/\/admin.industriall-union.org\/?s={search_term_string}"},"query-input":{"@type":"PropertyValueSpecification","valueRequired":true,"valueName":"search_term_string"}}],"inLanguage":"es-ES"}]}},"_links":{"self":[{"href":"https:\/\/admin.industriall-union.org\/es\/wp-json\/wp\/v2\/archive_imf\/199745","targetHints":{"allow":["GET"]}}],"collection":[{"href":"https:\/\/admin.industriall-union.org\/es\/wp-json\/wp\/v2\/archive_imf"}],"about":[{"href":"https:\/\/admin.industriall-union.org\/es\/wp-json\/wp\/v2\/types\/archive_imf"}],"wp:attachment":[{"href":"https:\/\/admin.industriall-union.org\/es\/wp-json\/wp\/v2\/media?parent=199745"}],"curies":[{"name":"wp","href":"https:\/\/api.w.org\/{rel}","templated":true}]}}

Los sindicatos, preocupados por la declaración del APEC sobre el AACT

<p>ASIA-PACIFICO: La CSI se ha mostrado profundamente preocupada por la reciente evolución en las negociaciones de un AACT.<br />&quot;Se ha agotado casi el tiempo para que los negociadores comerciales nos muestren que esta vez es diferente. No podemos apoyar, y no apoyaremos, un acuerdo comercial que acoge al 1% de nosotros y deja en la estacada al resto&quot;, dijo la secretaria general de la CSI, Sharan Burrow. </p><p>En un <a href="http://www.ituc-csi.org/union-concern-at-apec-hawaii.html?lang=en" target="_blank">comunicado de prensa publicado ayer</a>, la CSI denuncia que &quot;es evidente que los negociadores del AACT, al hablar de las reuniones, han hecho muy poco para transmitir las fundadas preocupaciones de los sindicatos. En lugar de eso, el documento marco del AACT parece, en mucho aspectos, más de lo mismo, si no peor que antes. En efecto, en el párrafo sobre el trabajo se omite toda mención a un mecanismo de observancia, que figura en muchos ALC existentes y es una demanda fundamental de los sindicatos. Se mantienen mecanismos que permiten a las empresas demandar a los gobiernos por sus decisiones sobre reglamentación, como el actual ataque contra la reglamentación sobre el envasado de tabaco en Australia para proteger la salud pública. En documentos filtrados sobre propiedad intelectual y productos farmacéuticos se sacrifica, al parecer, el acceso a medicamentos abordables al mayor beneficio de la industria farmacéutica, erigiendo, por ejemplo, obstáculos a la entrada en el mercado de medicamentos genéricos, más baratos. Este no es el acuerdo del &quot;Siglo XXI&quot; que tiene en mente la clase trabajadora. En efecto, parece un acuerdo comercial más que privilegia nuevas y sustanciales oportunidades a los inversores sobre buenos empleos para los trabajadores.&quot; <a href="../files/11111609223782/ITUC_APLN_statement.pdf" target="_blank">Véase la declaración completa aquí</a>.</p><p>En una <a href="../files/11111609271582/Labor%20declaration%20on%20the%20negotiation%20of%20the%20TPPTA.pdf" target="_blank">declaración conjunta publicada en 2010</a>, los sindicatos de Asia y el Pacífico que intervenían en el AACT pidieron un acuerdo debidamente equilibrado que &quot;fomente la creación de buenos empleos, proteja los derechos y los intereses de la clase trabajadora, conduzca a un desarrollo económico equilibrado a largo plazo y promueva un medio ambiente sano&quot;.</p><p>Afiliados a la FITIM en Asia y el Pacífico y en las Américas <a href="../index.cfm?c=27413&amp;l=2" target="_blank">expresaron preocupaciones similares en agosto de este año</a> y solicitaron que la creación de empleos de calidad y la promoción de normas fundamentales del trabajo sean objetivos explícitos del AACT.  </p>

<!-- This site is optimized with the Yoast SEO Premium plugin v27.1 (Yoast SEO v27.1) - https://yoast.com/product/yoast-seo-premium-wordpress/ -->
<title>Los sindicatos, preocupados por la declaración del APEC sobre el AACT - industriall-union</title>
<meta name="robots" content="index, follow, max-snippet:-1, max-image-preview:large, max-video-preview:-1" />
<link rel="canonical" href="https://admin.industriall-union.org/es/archive/imf/los-sindicatos-preocupados-por-la-declaracion-del-apec-sobre-el-aact/" />
<meta property="og:locale" content="es_ES" />
<meta property="og:type" content="article" />
<meta property="og:title" content="Los sindicatos, preocupados por la declaración del APEC sobre el AACT" />
<meta property="og:description" content="ASIA-PACIFICO: La CSI se ha mostrado profundamente preocupada por la reciente evolución en las negociaciones de un AACT.&quot;Se ha agotado casi el tiempo para que los negociadores comerciales nos muestren que esta vez es diferente. No podemos apoyar, y no apoyaremos, un acuerdo comercial que acoge al 1% de nosotros y deja en la estacada [&hellip;]" />
<meta property="og:url" content="https://admin.industriall-union.org/es/archive/imf/los-sindicatos-preocupados-por-la-declaracion-del-apec-sobre-el-aact/" />
<meta property="og:site_name" content="industriall-union" />
<meta property="article:modified_time" content="2025-01-31T08:53:55+00:00" />
<meta name="twitter:card" content="summary_large_image" />
<meta name="twitter:label1" content="Est. reading time" />
	<meta name="twitter:data1" content="2 minutes" />
<script type="application/ld+json" class="yoast-schema-graph">{"@context":"https://schema.org","@graph":[{"@type":"WebPage","@id":"https://admin.industriall-union.org/es/archive/imf/los-sindicatos-preocupados-por-la-declaracion-del-apec-sobre-el-aact/","url":"https://admin.industriall-union.org/es/archive/imf/los-sindicatos-preocupados-por-la-declaracion-del-apec-sobre-el-aact/","name":"Los sindicatos, preocupados por la declaración del APEC sobre el AACT - industriall-union","isPartOf":{"@id":"https://admin.industriall-union.org/#website"},"datePublished":"2011-11-16T08:18:00+00:00","dateModified":"2025-01-31T08:53:55+00:00","breadcrumb":{"@id":"https://admin.industriall-union.org/es/archive/imf/los-sindicatos-preocupados-por-la-declaracion-del-apec-sobre-el-aact/#breadcrumb"},"inLanguage":"es-ES","potentialAction":[{"@type":"ReadAction","target":["https://admin.industriall-union.org/es/archive/imf/los-sindicatos-preocupados-por-la-declaracion-del-apec-sobre-el-aact/"]}]},{"@type":"BreadcrumbList","@id":"https://admin.industriall-union.org/es/archive/imf/los-sindicatos-preocupados-por-la-declaracion-del-apec-sobre-el-aact/#breadcrumb","itemListElement":[{"@type":"ListItem","position":1,"name":"Home","item":"https://admin.industriall-union.org/"},{"@type":"ListItem","position":2,"name":"Archive Imf","item":"https://admin.industriall-union.org/es/archive/imf/"},{"@type":"ListItem","position":3,"name":"Los sindicatos, preocupados por la declaración del APEC sobre el AACT"}]},{"@type":"WebSite","@id":"https://admin.industriall-union.org/#website","url":"https://admin.industriall-union.org/","name":"industriall-union","description":"","potentialAction":[{"@type":"SearchAction","target":{"@type":"EntryPoint","urlTemplate":"https://admin.industriall-union.org/?s={search_term_string}"},"query-input":{"@type":"PropertyValueSpecification","valueRequired":true,"valueName":"search_term_string"}}],"inLanguage":"es-ES"}]}</script>
<!-- / Yoast SEO Premium plugin. -->

Los sindicatos, preocupados por la declaración del APEC sobre el AACT - industriall-union

ASIA-PACIFICO: La CSI se ha mostrado profundamente preocupada por la reciente evolución en las negociaciones de un AACT.&quot;Se ha agotado casi el tiempo para que los negociadores comerciales nos muestren que esta vez es diferente. No podemos apoyar, y no apoyaremos, un acuerdo comercial que acoge al 1% de nosotros y deja en la estacada [&hellip;]
