{"id":199604,"date":"2011-12-23T10:09:00","date_gmt":"2011-12-23T10:09:00","guid":{"rendered":"https:\/\/admin.industriall-union.org\/archive\/imf\/manifestacion-de-protesta-en-la-sede-de-gea\/"},"modified":"2025-01-31T08:49:13","modified_gmt":"2025-01-31T08:49:13","slug":"manifestacion-de-protesta-en-la-sede-de-gea","status":"publish","type":"archive_imf","link":"https:\/\/admin.industriall-union.org\/es\/archive\/imf\/manifestacion-de-protesta-en-la-sede-de-gea\/","title":{"rendered":"Manifestaci\u00f3n de protesta en la sede de GEA"},"content":{"rendered":"ALEMANIA: El 21 de diciembre, los trabajadores convergieron en la sede mundial de GEA en D\u00fcsseldorf. La compa\u00f1\u00eda alemana sigue neg\u00e1ndose a reunirse con el sindicato turco Birlesik Metal, que representa a los trabajadores despedidos.<br \/>\u00a0<br \/>Varias figuras p\u00fablicas y sindicatos de Alemania e internacionales han participado en el conflicto en GEA Turqu\u00eda, y se han puesto en contacto con la direcci\u00f3n de Gea; por ejemplo, Michael Sommer, presidente de la CSI, la FITIM, la FITT y la ICEM, as\u00ed como DISK, la confederaci\u00f3n nacional de Turqu\u00eda. Recientemente, el comit\u00e9 ejecutivo del sindicato de trabajadores metal\u00fargicos alem\u00e1n IG Metall pidi\u00f3 a la direcci\u00f3n de GEA que respete las normas sociales y entable un di\u00e1logo con el sindicato turco Birlesik-IS.<br \/>\u00a0<br \/>En la acci\u00f3n de D\u00fcsseldorf es la primera vez que representantes sindicales de Alemania expresan p\u00fablicamente su apoyo a los colegas despedidos en Turqu\u00eda, y critican a la multinacional por no respetar los derechos fundamentales y las normas de la OIT.<br \/>\u00a0<br \/>La petici\u00f3n de la manifestaci\u00f3n de D\u00fcsseldorf fue firmada por una larga lista de representantes sindicales elegidos en IG Metall, Verdi y IG Bau, entre otros.<br \/>\u00a0<br \/>Tambi\u00e9n participaron en la acci\u00f3n en la sede de GEA representantes del sindicato de trabajadores de la alimentaci\u00f3n NGG y enlaces sindicales de Ford, as\u00ed como la federaci\u00f3n de organizaciones de trabajadores inmigrantes turcos en Alemania NGG, y destacaron la importancia de que se respeten los derechos de los trabajadores.<br \/><br \/>El 16 de diciembre, la FITIM y la FEM se unieron a la l\u00ednea de piquete en la filial de GEA en Turqu\u00eda para dirigirse a los trabajadores despedidos y mostrar solidaridad con su lucha. En noviembre, l\u00edderes sindicales internacionales se congregaron ante la factor\u00eda de la multinacional GEA Klima Sanayi ve Ticaret A.\u015e. (ATR) en Gebze (Turqu\u00eda), en relaci\u00f3n con una conferencia mundial sobre derechos laborales celebrada en Estambul. El 28 de noviembre se lanz\u00f3 una campa\u00f1a de Labourstart. <br \/><br \/>V\u00e9ase la campa\u00f1a de Labourstart en 14 idiomas aqu\u00ed: <a href=\"http:\/\/www.labourstart.org\/cgi-bin\/solidarityforever\/show_campaign.cgi?c=1179\" target=\"_blank\">http:\/\/www.labourstart.org\/cgi-bin\/solidarityforever\/show_campaign.cgi?c=1167<\/a>.<br \/>\u00a0","protected":false},"featured_media":0,"template":"","class_list":["post-199604","archive_imf","type-archive_imf","status-publish","hentry"],"acf":[],"yoast_head":"<!-- This site is optimized with the Yoast SEO Premium plugin v27.1 (Yoast SEO v27.1) - https:\/\/yoast.com\/product\/yoast-seo-premium-wordpress\/ -->\n<title>Manifestaci\u00f3n de protesta en la sede de GEA - industriall-union<\/title>\n<meta name=\"robots\" content=\"index, follow, max-snippet:-1, max-image-preview:large, max-video-preview:-1\" \/>\n<link rel=\"canonical\" href=\"https:\/\/admin.industriall-union.org\/es\/archive\/imf\/manifestacion-de-protesta-en-la-sede-de-gea\/\" \/>\n<meta property=\"og:locale\" content=\"es_ES\" \/>\n<meta property=\"og:type\" content=\"article\" \/>\n<meta property=\"og:title\" content=\"Manifestaci\u00f3n de protesta en la sede de GEA\" \/>\n<meta property=\"og:description\" content=\"ALEMANIA: El 21 de diciembre, los trabajadores convergieron en la sede mundial de GEA en D\u00fcsseldorf. La compa\u00f1\u00eda alemana sigue neg\u00e1ndose a reunirse con el sindicato turco Birlesik Metal, que representa a los trabajadores despedidos.\u00a0Varias figuras p\u00fablicas y sindicatos de Alemania e internacionales han participado en el conflicto en GEA Turqu\u00eda, y se han puesto [&hellip;]\" \/>\n<meta property=\"og:url\" content=\"https:\/\/admin.industriall-union.org\/es\/archive\/imf\/manifestacion-de-protesta-en-la-sede-de-gea\/\" \/>\n<meta property=\"og:site_name\" content=\"industriall-union\" \/>\n<meta property=\"article:modified_time\" content=\"2025-01-31T08:49:13+00:00\" \/>\n<meta name=\"twitter:card\" content=\"summary_large_image\" \/>\n<meta name=\"twitter:label1\" content=\"Est. reading time\" \/>\n\t<meta name=\"twitter:data1\" content=\"2 minutes\" \/>\n<script type=\"application\/ld+json\" class=\"yoast-schema-graph\">{\"@context\":\"https:\/\/schema.org\",\"@graph\":[{\"@type\":\"WebPage\",\"@id\":\"https:\/\/admin.industriall-union.org\/es\/archive\/imf\/manifestacion-de-protesta-en-la-sede-de-gea\/\",\"url\":\"https:\/\/admin.industriall-union.org\/es\/archive\/imf\/manifestacion-de-protesta-en-la-sede-de-gea\/\",\"name\":\"Manifestaci\u00f3n de protesta en la sede de GEA - industriall-union\",\"isPartOf\":{\"@id\":\"https:\/\/admin.industriall-union.org\/#website\"},\"datePublished\":\"2011-12-23T10:09:00+00:00\",\"dateModified\":\"2025-01-31T08:49:13+00:00\",\"breadcrumb\":{\"@id\":\"https:\/\/admin.industriall-union.org\/es\/archive\/imf\/manifestacion-de-protesta-en-la-sede-de-gea\/#breadcrumb\"},\"inLanguage\":\"es-ES\",\"potentialAction\":[{\"@type\":\"ReadAction\",\"target\":[\"https:\/\/admin.industriall-union.org\/es\/archive\/imf\/manifestacion-de-protesta-en-la-sede-de-gea\/\"]}]},{\"@type\":\"BreadcrumbList\",\"@id\":\"https:\/\/admin.industriall-union.org\/es\/archive\/imf\/manifestacion-de-protesta-en-la-sede-de-gea\/#breadcrumb\",\"itemListElement\":[{\"@type\":\"ListItem\",\"position\":1,\"name\":\"Home\",\"item\":\"https:\/\/admin.industriall-union.org\/\"},{\"@type\":\"ListItem\",\"position\":2,\"name\":\"Archive Imf\",\"item\":\"https:\/\/admin.industriall-union.org\/es\/archive\/imf\/\"},{\"@type\":\"ListItem\",\"position\":3,\"name\":\"Manifestaci\u00f3n de protesta en la sede de GEA\"}]},{\"@type\":\"WebSite\",\"@id\":\"https:\/\/admin.industriall-union.org\/#website\",\"url\":\"https:\/\/admin.industriall-union.org\/\",\"name\":\"industriall-union\",\"description\":\"\",\"potentialAction\":[{\"@type\":\"SearchAction\",\"target\":{\"@type\":\"EntryPoint\",\"urlTemplate\":\"https:\/\/admin.industriall-union.org\/?s={search_term_string}\"},\"query-input\":{\"@type\":\"PropertyValueSpecification\",\"valueRequired\":true,\"valueName\":\"search_term_string\"}}],\"inLanguage\":\"es-ES\"}]}<\/script>\n<!-- \/ Yoast SEO Premium plugin. -->","yoast_head_json":{"title":"Manifestaci\u00f3n de protesta en la sede de GEA - industriall-union","robots":{"index":"index","follow":"follow","max-snippet":"max-snippet:-1","max-image-preview":"max-image-preview:large","max-video-preview":"max-video-preview:-1"},"canonical":"https:\/\/admin.industriall-union.org\/es\/archive\/imf\/manifestacion-de-protesta-en-la-sede-de-gea\/","og_locale":"es_ES","og_type":"article","og_title":"Manifestaci\u00f3n de protesta en la sede de GEA","og_description":"ALEMANIA: El 21 de diciembre, los trabajadores convergieron en la sede mundial de GEA en D\u00fcsseldorf. La compa\u00f1\u00eda alemana sigue neg\u00e1ndose a reunirse con el sindicato turco Birlesik Metal, que representa a los trabajadores despedidos.\u00a0Varias figuras p\u00fablicas y sindicatos de Alemania e internacionales han participado en el conflicto en GEA Turqu\u00eda, y se han puesto [&hellip;]","og_url":"https:\/\/admin.industriall-union.org\/es\/archive\/imf\/manifestacion-de-protesta-en-la-sede-de-gea\/","og_site_name":"industriall-union","article_modified_time":"2025-01-31T08:49:13+00:00","twitter_card":"summary_large_image","twitter_misc":{"Est. reading time":"2 minutes"},"schema":{"@context":"https:\/\/schema.org","@graph":[{"@type":"WebPage","@id":"https:\/\/admin.industriall-union.org\/es\/archive\/imf\/manifestacion-de-protesta-en-la-sede-de-gea\/","url":"https:\/\/admin.industriall-union.org\/es\/archive\/imf\/manifestacion-de-protesta-en-la-sede-de-gea\/","name":"Manifestaci\u00f3n de protesta en la sede de GEA - industriall-union","isPartOf":{"@id":"https:\/\/admin.industriall-union.org\/#website"},"datePublished":"2011-12-23T10:09:00+00:00","dateModified":"2025-01-31T08:49:13+00:00","breadcrumb":{"@id":"https:\/\/admin.industriall-union.org\/es\/archive\/imf\/manifestacion-de-protesta-en-la-sede-de-gea\/#breadcrumb"},"inLanguage":"es-ES","potentialAction":[{"@type":"ReadAction","target":["https:\/\/admin.industriall-union.org\/es\/archive\/imf\/manifestacion-de-protesta-en-la-sede-de-gea\/"]}]},{"@type":"BreadcrumbList","@id":"https:\/\/admin.industriall-union.org\/es\/archive\/imf\/manifestacion-de-protesta-en-la-sede-de-gea\/#breadcrumb","itemListElement":[{"@type":"ListItem","position":1,"name":"Home","item":"https:\/\/admin.industriall-union.org\/"},{"@type":"ListItem","position":2,"name":"Archive Imf","item":"https:\/\/admin.industriall-union.org\/es\/archive\/imf\/"},{"@type":"ListItem","position":3,"name":"Manifestaci\u00f3n de protesta en la sede de GEA"}]},{"@type":"WebSite","@id":"https:\/\/admin.industriall-union.org\/#website","url":"https:\/\/admin.industriall-union.org\/","name":"industriall-union","description":"","potentialAction":[{"@type":"SearchAction","target":{"@type":"EntryPoint","urlTemplate":"https:\/\/admin.industriall-union.org\/?s={search_term_string}"},"query-input":{"@type":"PropertyValueSpecification","valueRequired":true,"valueName":"search_term_string"}}],"inLanguage":"es-ES"}]}},"_links":{"self":[{"href":"https:\/\/admin.industriall-union.org\/es\/wp-json\/wp\/v2\/archive_imf\/199604","targetHints":{"allow":["GET"]}}],"collection":[{"href":"https:\/\/admin.industriall-union.org\/es\/wp-json\/wp\/v2\/archive_imf"}],"about":[{"href":"https:\/\/admin.industriall-union.org\/es\/wp-json\/wp\/v2\/types\/archive_imf"}],"wp:attachment":[{"href":"https:\/\/admin.industriall-union.org\/es\/wp-json\/wp\/v2\/media?parent=199604"}],"curies":[{"name":"wp","href":"https:\/\/api.w.org\/{rel}","templated":true}]}}

Manifestación de protesta en la sede de GEA

ALEMANIA: El 21 de diciembre, los trabajadores convergieron en la sede mundial de GEA en Düsseldorf. La compañía alemana sigue negándose a reunirse con el sindicato turco Birlesik Metal, que representa a los trabajadores despedidos.<br /> <br />Varias figuras públicas y sindicatos de Alemania e internacionales han participado en el conflicto en GEA Turquía, y se han puesto en contacto con la dirección de Gea; por ejemplo, Michael Sommer, presidente de la CSI, la FITIM, la FITT y la ICEM, así como DISK, la confederación nacional de Turquía. Recientemente, el comité ejecutivo del sindicato de trabajadores metalúrgicos alemán IG Metall pidió a la dirección de GEA que respete las normas sociales y entable un diálogo con el sindicato turco Birlesik-IS.<br /> <br />En la acción de Düsseldorf es la primera vez que representantes sindicales de Alemania expresan públicamente su apoyo a los colegas despedidos en Turquía, y critican a la multinacional por no respetar los derechos fundamentales y las normas de la OIT.<br /> <br />La petición de la manifestación de Düsseldorf fue firmada por una larga lista de representantes sindicales elegidos en IG Metall, Verdi y IG Bau, entre otros.<br /> <br />También participaron en la acción en la sede de GEA representantes del sindicato de trabajadores de la alimentación NGG y enlaces sindicales de Ford, así como la federación de organizaciones de trabajadores inmigrantes turcos en Alemania NGG, y destacaron la importancia de que se respeten los derechos de los trabajadores.<br /><br />El 16 de diciembre, la FITIM y la FEM se unieron a la línea de piquete en la filial de GEA en Turquía para dirigirse a los trabajadores despedidos y mostrar solidaridad con su lucha. En noviembre, líderes sindicales internacionales se congregaron ante la factoría de la multinacional GEA Klima Sanayi ve Ticaret A.Ş. (ATR) en Gebze (Turquía), en relación con una conferencia mundial sobre derechos laborales celebrada en Estambul. El 28 de noviembre se lanzó una campaña de Labourstart. <br /><br />Véase la campaña de Labourstart en 14 idiomas aquí: <a href="http://www.labourstart.org/cgi-bin/solidarityforever/show_campaign.cgi?c=1179" target="_blank">http://www.labourstart.org/cgi-bin/solidarityforever/show_campaign.cgi?c=1167</a>.<br />

<!-- This site is optimized with the Yoast SEO Premium plugin v27.1 (Yoast SEO v27.1) - https://yoast.com/product/yoast-seo-premium-wordpress/ -->
<title>Manifestación de protesta en la sede de GEA - industriall-union</title>
<meta name="robots" content="index, follow, max-snippet:-1, max-image-preview:large, max-video-preview:-1" />
<link rel="canonical" href="https://admin.industriall-union.org/es/archive/imf/manifestacion-de-protesta-en-la-sede-de-gea/" />
<meta property="og:locale" content="es_ES" />
<meta property="og:type" content="article" />
<meta property="og:title" content="Manifestación de protesta en la sede de GEA" />
<meta property="og:description" content="ALEMANIA: El 21 de diciembre, los trabajadores convergieron en la sede mundial de GEA en Düsseldorf. La compañía alemana sigue negándose a reunirse con el sindicato turco Birlesik Metal, que representa a los trabajadores despedidos. Varias figuras públicas y sindicatos de Alemania e internacionales han participado en el conflicto en GEA Turquía, y se han puesto [&hellip;]" />
<meta property="og:url" content="https://admin.industriall-union.org/es/archive/imf/manifestacion-de-protesta-en-la-sede-de-gea/" />
<meta property="og:site_name" content="industriall-union" />
<meta property="article:modified_time" content="2025-01-31T08:49:13+00:00" />
<meta name="twitter:card" content="summary_large_image" />
<meta name="twitter:label1" content="Est. reading time" />
	<meta name="twitter:data1" content="2 minutes" />
<script type="application/ld+json" class="yoast-schema-graph">{"@context":"https://schema.org","@graph":[{"@type":"WebPage","@id":"https://admin.industriall-union.org/es/archive/imf/manifestacion-de-protesta-en-la-sede-de-gea/","url":"https://admin.industriall-union.org/es/archive/imf/manifestacion-de-protesta-en-la-sede-de-gea/","name":"Manifestación de protesta en la sede de GEA - industriall-union","isPartOf":{"@id":"https://admin.industriall-union.org/#website"},"datePublished":"2011-12-23T10:09:00+00:00","dateModified":"2025-01-31T08:49:13+00:00","breadcrumb":{"@id":"https://admin.industriall-union.org/es/archive/imf/manifestacion-de-protesta-en-la-sede-de-gea/#breadcrumb"},"inLanguage":"es-ES","potentialAction":[{"@type":"ReadAction","target":["https://admin.industriall-union.org/es/archive/imf/manifestacion-de-protesta-en-la-sede-de-gea/"]}]},{"@type":"BreadcrumbList","@id":"https://admin.industriall-union.org/es/archive/imf/manifestacion-de-protesta-en-la-sede-de-gea/#breadcrumb","itemListElement":[{"@type":"ListItem","position":1,"name":"Home","item":"https://admin.industriall-union.org/"},{"@type":"ListItem","position":2,"name":"Archive Imf","item":"https://admin.industriall-union.org/es/archive/imf/"},{"@type":"ListItem","position":3,"name":"Manifestación de protesta en la sede de GEA"}]},{"@type":"WebSite","@id":"https://admin.industriall-union.org/#website","url":"https://admin.industriall-union.org/","name":"industriall-union","description":"","potentialAction":[{"@type":"SearchAction","target":{"@type":"EntryPoint","urlTemplate":"https://admin.industriall-union.org/?s={search_term_string}"},"query-input":{"@type":"PropertyValueSpecification","valueRequired":true,"valueName":"search_term_string"}}],"inLanguage":"es-ES"}]}</script>
<!-- / Yoast SEO Premium plugin. -->

Manifestación de protesta en la sede de GEA - industriall-union

ALEMANIA: El 21 de diciembre, los trabajadores convergieron en la sede mundial de GEA en Düsseldorf. La compañía alemana sigue negándose a reunirse con el sindicato turco Birlesik Metal, que representa a los trabajadores despedidos. Varias figuras públicas y sindicatos de Alemania e internacionales han participado en el conflicto en GEA Turquía, y se han puesto [&hellip;]
