{"id":199588,"date":"2012-01-11T08:27:00","date_gmt":"2012-01-11T08:27:00","guid":{"rendered":"https:\/\/admin.industriall-union.org\/archive\/imf\/sindicatos-alemanes-y-franceses-piden-una-nueva-politica-industrial\/"},"modified":"2025-01-31T08:49:07","modified_gmt":"2025-01-31T08:49:07","slug":"sindicatos-alemanes-y-franceses-piden-una-nueva-politica-industrial","status":"publish","type":"archive_imf","link":"https:\/\/admin.industriall-union.org\/es\/archive\/imf\/sindicatos-alemanes-y-franceses-piden-una-nueva-politica-industrial\/","title":{"rendered":"Sindicatos alemanes y franceses piden una nueva pol\u00edtica industrial"},"content":{"rendered":"<p>ALEMANIA \/ FRANCIA: Los afiliados a la FITIM, IG Metall, F\u00e9d\u00e9ration G\u00e9n\u00e9rale des Mines et de la M\u00e9tallurgie (FGMM-CFDT), F\u00e9d\u00e9ration Conf\u00e9d\u00e9r\u00e9e &quot;Force Ouvri\u00e8re&quot; de la M\u00e9tallurgie (FO M\u00e9taux) y F\u00e9d\u00e9ration des Travailleurs de la M\u00e9tallurgie &#8211; CGT han adoptado una declaraci\u00f3n conjunta sobre el futuro de la industria, las empresas y los empleos ante las pol\u00edticas de austeridad actuales que promueven el dumping de condiciones sociales y sueldos.<\/p><p>Con el trasfondo de la crisis mundial, los sindicatos denuncian la expansi\u00f3n de los contratos de empleo precario y un aumento de la presi\u00f3n competitiva que destruye valor. Piden a los pol\u00edticos nacionales y europeos que adopten una pol\u00edtica industrial activa que refuerce la base industrial y la capacidad de innovaci\u00f3n de sus econom\u00edas y promueva el crecimiento.<\/p><p>Esta pol\u00edtica ha de estructurarse en torno a lo siguiente:<\/p><ul><li>Una nueva orientaci\u00f3n de la estrategia &quot;Europa 2020&quot;, centr\u00e1ndose en el empleo, la cohesi\u00f3n social y el desarrollo sostenible;<\/li><li>Un aumento del poder adquisitivo de los trabajadores que estimule el consumo, mediante una fuerte pol\u00edtica industrial socialmente responsable;<\/li><li>Igualdad de condiciones para el emplazamiento de establecimientos y competencia en el Espacio Econ\u00f3mico Europeo;<\/li><li>Innovaci\u00f3n de tecnolog\u00eda e inversi\u00f3n p\u00fablica y privada para afrontar los nuevos desaf\u00edos de desarrollo sostenible, movilidad, atenci\u00f3n de salud y redes inteligentes;<\/li><li>Inversi\u00f3n en formaci\u00f3n y calificaciones para responder a las novedades tecnol\u00f3gicas e industriales;<\/li><li>Desarrollo de mercados &quot;verdes&quot; (inversi\u00f3n en tecnolog\u00eda ambiental y protecci\u00f3n del clima). Esto comprende el desarrollo y uso de energ\u00eda renovable que emita menos CO\u00b2, y el desarrollo de materiales favorables al clima;<\/li><li>La democratizaci\u00f3n de la econom\u00eda a todos los niveles, con miras a promover el di\u00e1logo y fortalecer los derechos de los empleados a la informaci\u00f3n, la consulta y la participaci\u00f3n.<\/li><\/ul><p>Un elemento central del <a href=\"..\/index.cfm?c=19939&amp;ol=28\" target=\"_blank\">Programa de Acci\u00f3n de la FITIM 2009 &#8211; 2013<\/a>  es fomentar la industria como motor de la creaci\u00f3n de empleos estables y  sostenibles, innovaci\u00f3n y mejora de los niveles de vida.<\/p><p>&nbsp;<\/p>","protected":false},"featured_media":0,"template":"","class_list":["post-199588","archive_imf","type-archive_imf","status-publish","hentry"],"acf":[],"yoast_head":"<!-- This site is optimized with the Yoast SEO Premium plugin v27.1 (Yoast SEO v27.1) - https:\/\/yoast.com\/product\/yoast-seo-premium-wordpress\/ -->\n<title>Sindicatos alemanes y franceses piden una nueva pol\u00edtica industrial - industriall-union<\/title>\n<meta name=\"robots\" content=\"index, follow, max-snippet:-1, max-image-preview:large, max-video-preview:-1\" \/>\n<link rel=\"canonical\" href=\"https:\/\/admin.industriall-union.org\/es\/archive\/imf\/sindicatos-alemanes-y-franceses-piden-una-nueva-politica-industrial\/\" \/>\n<meta property=\"og:locale\" content=\"es_ES\" \/>\n<meta property=\"og:type\" content=\"article\" \/>\n<meta property=\"og:title\" content=\"Sindicatos alemanes y franceses piden una nueva pol\u00edtica industrial\" \/>\n<meta property=\"og:description\" content=\"ALEMANIA \/ FRANCIA: Los afiliados a la FITIM, IG Metall, F\u00e9d\u00e9ration G\u00e9n\u00e9rale des Mines et de la M\u00e9tallurgie (FGMM-CFDT), F\u00e9d\u00e9ration Conf\u00e9d\u00e9r\u00e9e &quot;Force Ouvri\u00e8re&quot; de la M\u00e9tallurgie (FO M\u00e9taux) y F\u00e9d\u00e9ration des Travailleurs de la M\u00e9tallurgie &#8211; CGT han adoptado una declaraci\u00f3n conjunta sobre el futuro de la industria, las empresas y los empleos ante las [&hellip;]\" \/>\n<meta property=\"og:url\" content=\"https:\/\/admin.industriall-union.org\/es\/archive\/imf\/sindicatos-alemanes-y-franceses-piden-una-nueva-politica-industrial\/\" \/>\n<meta property=\"og:site_name\" content=\"industriall-union\" \/>\n<meta property=\"article:modified_time\" content=\"2025-01-31T08:49:07+00:00\" \/>\n<meta name=\"twitter:card\" content=\"summary_large_image\" \/>\n<meta name=\"twitter:label1\" content=\"Est. reading time\" \/>\n\t<meta name=\"twitter:data1\" content=\"2 minutes\" \/>\n<script type=\"application\/ld+json\" class=\"yoast-schema-graph\">{\"@context\":\"https:\/\/schema.org\",\"@graph\":[{\"@type\":\"WebPage\",\"@id\":\"https:\/\/admin.industriall-union.org\/es\/archive\/imf\/sindicatos-alemanes-y-franceses-piden-una-nueva-politica-industrial\/\",\"url\":\"https:\/\/admin.industriall-union.org\/es\/archive\/imf\/sindicatos-alemanes-y-franceses-piden-una-nueva-politica-industrial\/\",\"name\":\"Sindicatos alemanes y franceses piden una nueva pol\u00edtica industrial - industriall-union\",\"isPartOf\":{\"@id\":\"https:\/\/admin.industriall-union.org\/#website\"},\"datePublished\":\"2012-01-11T08:27:00+00:00\",\"dateModified\":\"2025-01-31T08:49:07+00:00\",\"breadcrumb\":{\"@id\":\"https:\/\/admin.industriall-union.org\/es\/archive\/imf\/sindicatos-alemanes-y-franceses-piden-una-nueva-politica-industrial\/#breadcrumb\"},\"inLanguage\":\"es-ES\",\"potentialAction\":[{\"@type\":\"ReadAction\",\"target\":[\"https:\/\/admin.industriall-union.org\/es\/archive\/imf\/sindicatos-alemanes-y-franceses-piden-una-nueva-politica-industrial\/\"]}]},{\"@type\":\"BreadcrumbList\",\"@id\":\"https:\/\/admin.industriall-union.org\/es\/archive\/imf\/sindicatos-alemanes-y-franceses-piden-una-nueva-politica-industrial\/#breadcrumb\",\"itemListElement\":[{\"@type\":\"ListItem\",\"position\":1,\"name\":\"Home\",\"item\":\"https:\/\/admin.industriall-union.org\/\"},{\"@type\":\"ListItem\",\"position\":2,\"name\":\"Archive Imf\",\"item\":\"https:\/\/admin.industriall-union.org\/es\/archive\/imf\/\"},{\"@type\":\"ListItem\",\"position\":3,\"name\":\"Sindicatos alemanes y franceses piden una nueva pol\u00edtica industrial\"}]},{\"@type\":\"WebSite\",\"@id\":\"https:\/\/admin.industriall-union.org\/#website\",\"url\":\"https:\/\/admin.industriall-union.org\/\",\"name\":\"industriall-union\",\"description\":\"\",\"potentialAction\":[{\"@type\":\"SearchAction\",\"target\":{\"@type\":\"EntryPoint\",\"urlTemplate\":\"https:\/\/admin.industriall-union.org\/?s={search_term_string}\"},\"query-input\":{\"@type\":\"PropertyValueSpecification\",\"valueRequired\":true,\"valueName\":\"search_term_string\"}}],\"inLanguage\":\"es-ES\"}]}<\/script>\n<!-- \/ Yoast SEO Premium plugin. -->","yoast_head_json":{"title":"Sindicatos alemanes y franceses piden una nueva pol\u00edtica industrial - industriall-union","robots":{"index":"index","follow":"follow","max-snippet":"max-snippet:-1","max-image-preview":"max-image-preview:large","max-video-preview":"max-video-preview:-1"},"canonical":"https:\/\/admin.industriall-union.org\/es\/archive\/imf\/sindicatos-alemanes-y-franceses-piden-una-nueva-politica-industrial\/","og_locale":"es_ES","og_type":"article","og_title":"Sindicatos alemanes y franceses piden una nueva pol\u00edtica industrial","og_description":"ALEMANIA \/ FRANCIA: Los afiliados a la FITIM, IG Metall, F\u00e9d\u00e9ration G\u00e9n\u00e9rale des Mines et de la M\u00e9tallurgie (FGMM-CFDT), F\u00e9d\u00e9ration Conf\u00e9d\u00e9r\u00e9e &quot;Force Ouvri\u00e8re&quot; de la M\u00e9tallurgie (FO M\u00e9taux) y F\u00e9d\u00e9ration des Travailleurs de la M\u00e9tallurgie &#8211; CGT han adoptado una declaraci\u00f3n conjunta sobre el futuro de la industria, las empresas y los empleos ante las [&hellip;]","og_url":"https:\/\/admin.industriall-union.org\/es\/archive\/imf\/sindicatos-alemanes-y-franceses-piden-una-nueva-politica-industrial\/","og_site_name":"industriall-union","article_modified_time":"2025-01-31T08:49:07+00:00","twitter_card":"summary_large_image","twitter_misc":{"Est. reading time":"2 minutes"},"schema":{"@context":"https:\/\/schema.org","@graph":[{"@type":"WebPage","@id":"https:\/\/admin.industriall-union.org\/es\/archive\/imf\/sindicatos-alemanes-y-franceses-piden-una-nueva-politica-industrial\/","url":"https:\/\/admin.industriall-union.org\/es\/archive\/imf\/sindicatos-alemanes-y-franceses-piden-una-nueva-politica-industrial\/","name":"Sindicatos alemanes y franceses piden una nueva pol\u00edtica industrial - industriall-union","isPartOf":{"@id":"https:\/\/admin.industriall-union.org\/#website"},"datePublished":"2012-01-11T08:27:00+00:00","dateModified":"2025-01-31T08:49:07+00:00","breadcrumb":{"@id":"https:\/\/admin.industriall-union.org\/es\/archive\/imf\/sindicatos-alemanes-y-franceses-piden-una-nueva-politica-industrial\/#breadcrumb"},"inLanguage":"es-ES","potentialAction":[{"@type":"ReadAction","target":["https:\/\/admin.industriall-union.org\/es\/archive\/imf\/sindicatos-alemanes-y-franceses-piden-una-nueva-politica-industrial\/"]}]},{"@type":"BreadcrumbList","@id":"https:\/\/admin.industriall-union.org\/es\/archive\/imf\/sindicatos-alemanes-y-franceses-piden-una-nueva-politica-industrial\/#breadcrumb","itemListElement":[{"@type":"ListItem","position":1,"name":"Home","item":"https:\/\/admin.industriall-union.org\/"},{"@type":"ListItem","position":2,"name":"Archive Imf","item":"https:\/\/admin.industriall-union.org\/es\/archive\/imf\/"},{"@type":"ListItem","position":3,"name":"Sindicatos alemanes y franceses piden una nueva pol\u00edtica industrial"}]},{"@type":"WebSite","@id":"https:\/\/admin.industriall-union.org\/#website","url":"https:\/\/admin.industriall-union.org\/","name":"industriall-union","description":"","potentialAction":[{"@type":"SearchAction","target":{"@type":"EntryPoint","urlTemplate":"https:\/\/admin.industriall-union.org\/?s={search_term_string}"},"query-input":{"@type":"PropertyValueSpecification","valueRequired":true,"valueName":"search_term_string"}}],"inLanguage":"es-ES"}]}},"_links":{"self":[{"href":"https:\/\/admin.industriall-union.org\/es\/wp-json\/wp\/v2\/archive_imf\/199588","targetHints":{"allow":["GET"]}}],"collection":[{"href":"https:\/\/admin.industriall-union.org\/es\/wp-json\/wp\/v2\/archive_imf"}],"about":[{"href":"https:\/\/admin.industriall-union.org\/es\/wp-json\/wp\/v2\/types\/archive_imf"}],"wp:attachment":[{"href":"https:\/\/admin.industriall-union.org\/es\/wp-json\/wp\/v2\/media?parent=199588"}],"curies":[{"name":"wp","href":"https:\/\/api.w.org\/{rel}","templated":true}]}}

Sindicatos alemanes y franceses piden una nueva política industrial

<p>ALEMANIA / FRANCIA: Los afiliados a la FITIM, IG Metall, Fédération Générale des Mines et de la Métallurgie (FGMM-CFDT), Fédération Confédérée &quot;Force Ouvrière&quot; de la Métallurgie (FO Métaux) y Fédération des Travailleurs de la Métallurgie &#8211; CGT han adoptado una declaración conjunta sobre el futuro de la industria, las empresas y los empleos ante las políticas de austeridad actuales que promueven el dumping de condiciones sociales y sueldos.</p><p>Con el trasfondo de la crisis mundial, los sindicatos denuncian la expansión de los contratos de empleo precario y un aumento de la presión competitiva que destruye valor. Piden a los políticos nacionales y europeos que adopten una política industrial activa que refuerce la base industrial y la capacidad de innovación de sus economías y promueva el crecimiento.</p><p>Esta política ha de estructurarse en torno a lo siguiente:</p><ul><li>Una nueva orientación de la estrategia &quot;Europa 2020&quot;, centrándose en el empleo, la cohesión social y el desarrollo sostenible;</li><li>Un aumento del poder adquisitivo de los trabajadores que estimule el consumo, mediante una fuerte política industrial socialmente responsable;</li><li>Igualdad de condiciones para el emplazamiento de establecimientos y competencia en el Espacio Económico Europeo;</li><li>Innovación de tecnología e inversión pública y privada para afrontar los nuevos desafíos de desarrollo sostenible, movilidad, atención de salud y redes inteligentes;</li><li>Inversión en formación y calificaciones para responder a las novedades tecnológicas e industriales;</li><li>Desarrollo de mercados &quot;verdes&quot; (inversión en tecnología ambiental y protección del clima). Esto comprende el desarrollo y uso de energía renovable que emita menos CO², y el desarrollo de materiales favorables al clima;</li><li>La democratización de la economía a todos los niveles, con miras a promover el diálogo y fortalecer los derechos de los empleados a la información, la consulta y la participación.</li></ul><p>Un elemento central del <a href="../index.cfm?c=19939&amp;ol=28" target="_blank">Programa de Acción de la FITIM 2009 &#8211; 2013</a>  es fomentar la industria como motor de la creación de empleos estables y  sostenibles, innovación y mejora de los niveles de vida.</p><p>&nbsp;</p>

<!-- This site is optimized with the Yoast SEO Premium plugin v27.1 (Yoast SEO v27.1) - https://yoast.com/product/yoast-seo-premium-wordpress/ -->
<title>Sindicatos alemanes y franceses piden una nueva política industrial - industriall-union</title>
<meta name="robots" content="index, follow, max-snippet:-1, max-image-preview:large, max-video-preview:-1" />
<link rel="canonical" href="https://admin.industriall-union.org/es/archive/imf/sindicatos-alemanes-y-franceses-piden-una-nueva-politica-industrial/" />
<meta property="og:locale" content="es_ES" />
<meta property="og:type" content="article" />
<meta property="og:title" content="Sindicatos alemanes y franceses piden una nueva política industrial" />
<meta property="og:description" content="ALEMANIA / FRANCIA: Los afiliados a la FITIM, IG Metall, Fédération Générale des Mines et de la Métallurgie (FGMM-CFDT), Fédération Confédérée &quot;Force Ouvrière&quot; de la Métallurgie (FO Métaux) y Fédération des Travailleurs de la Métallurgie &#8211; CGT han adoptado una declaración conjunta sobre el futuro de la industria, las empresas y los empleos ante las [&hellip;]" />
<meta property="og:url" content="https://admin.industriall-union.org/es/archive/imf/sindicatos-alemanes-y-franceses-piden-una-nueva-politica-industrial/" />
<meta property="og:site_name" content="industriall-union" />
<meta property="article:modified_time" content="2025-01-31T08:49:07+00:00" />
<meta name="twitter:card" content="summary_large_image" />
<meta name="twitter:label1" content="Est. reading time" />
	<meta name="twitter:data1" content="2 minutes" />
<script type="application/ld+json" class="yoast-schema-graph">{"@context":"https://schema.org","@graph":[{"@type":"WebPage","@id":"https://admin.industriall-union.org/es/archive/imf/sindicatos-alemanes-y-franceses-piden-una-nueva-politica-industrial/","url":"https://admin.industriall-union.org/es/archive/imf/sindicatos-alemanes-y-franceses-piden-una-nueva-politica-industrial/","name":"Sindicatos alemanes y franceses piden una nueva política industrial - industriall-union","isPartOf":{"@id":"https://admin.industriall-union.org/#website"},"datePublished":"2012-01-11T08:27:00+00:00","dateModified":"2025-01-31T08:49:07+00:00","breadcrumb":{"@id":"https://admin.industriall-union.org/es/archive/imf/sindicatos-alemanes-y-franceses-piden-una-nueva-politica-industrial/#breadcrumb"},"inLanguage":"es-ES","potentialAction":[{"@type":"ReadAction","target":["https://admin.industriall-union.org/es/archive/imf/sindicatos-alemanes-y-franceses-piden-una-nueva-politica-industrial/"]}]},{"@type":"BreadcrumbList","@id":"https://admin.industriall-union.org/es/archive/imf/sindicatos-alemanes-y-franceses-piden-una-nueva-politica-industrial/#breadcrumb","itemListElement":[{"@type":"ListItem","position":1,"name":"Home","item":"https://admin.industriall-union.org/"},{"@type":"ListItem","position":2,"name":"Archive Imf","item":"https://admin.industriall-union.org/es/archive/imf/"},{"@type":"ListItem","position":3,"name":"Sindicatos alemanes y franceses piden una nueva política industrial"}]},{"@type":"WebSite","@id":"https://admin.industriall-union.org/#website","url":"https://admin.industriall-union.org/","name":"industriall-union","description":"","potentialAction":[{"@type":"SearchAction","target":{"@type":"EntryPoint","urlTemplate":"https://admin.industriall-union.org/?s={search_term_string}"},"query-input":{"@type":"PropertyValueSpecification","valueRequired":true,"valueName":"search_term_string"}}],"inLanguage":"es-ES"}]}</script>
<!-- / Yoast SEO Premium plugin. -->

Sindicatos alemanes y franceses piden una nueva política industrial - industriall-union

ALEMANIA / FRANCIA: Los afiliados a la FITIM, IG Metall, Fédération Générale des Mines et de la Métallurgie (FGMM-CFDT), Fédération Confédérée &quot;Force Ouvrière&quot; de la Métallurgie (FO Métaux) y Fédération des Travailleurs de la Métallurgie &#8211; CGT han adoptado una declaración conjunta sobre el futuro de la industria, las empresas y los empleos ante las [&hellip;]
