{"id":199540,"date":"2012-01-25T10:11:00","date_gmt":"2012-01-25T10:11:00","guid":{"rendered":"https:\/\/admin.industriall-union.org\/archive\/imf\/el-cierre-patronal-de-rio-tinto-en-canada-dura-ya-casi-un-mes\/"},"modified":"2025-01-31T08:48:51","modified_gmt":"2025-01-31T08:48:51","slug":"el-cierre-patronal-de-rio-tinto-en-canada-dura-ya-casi-un-mes","status":"publish","type":"archive_imf","link":"https:\/\/admin.industriall-union.org\/es\/archive\/imf\/el-cierre-patronal-de-rio-tinto-en-canada-dura-ya-casi-un-mes\/","title":{"rendered":"El cierre patronal de Rio Tinto en Canad\u00e1 dura ya casi un mes"},"content":{"rendered":"<p>CANADA: La compa\u00f1\u00eda desea tener derechos de contrataci\u00f3n ilimitados, y ha sustituido a trabajadores a tiempo completo, representados por el USW, por empleados subcontratados, en condiciones considerablemente peores cuando se jubilen. Se espera que el trabajo subcontratado aumente en la compa\u00f1\u00eda del 10 por ciento en 2010 al 27 por ciento en 2012. El USW quiere que se imponga un tope de 750 empleos permanentes en el establecimiento de Alma.<\/p><p>El recurso a esquiroles o trabajadores de sustituci\u00f3n durante un conflicto laboral est\u00e1 prohibido por la ley en Qu\u00e9bec. Seg\u00fan la compa\u00f1\u00eda, el establecimiento funciona actualmente a un tercio de su capacidad, con la ayuda de 200 empleados de &quot;gesti\u00f3n&quot;. El USW ha presentado una queja ante la junta de trabajo provincial.<\/p><p>La FITIM y la ICEM han enviado una <a href=\"..\/files\/12012511200682\/ICEM-IMFletterRioTintoAlma1.18Jan.pdf\" target=\"_blank\">firme protesta al director ejecutivo de Rio Tinto Tom Albanese<\/a>: &quot;No hay precedentes en Am\u00e9rica del Norte de una compa\u00f1\u00eda que pida a un sindicato que acepte la sustituci\u00f3n de todos los puestos permanentes cuando los trabajadores se jubilen por empleados por contrato.&quot;<br \/><br \/>Se insta a los afiliados a enviar tambi\u00e9n cartas de protesta a Albanese (con copias a la FITIM, a la ICEM y al USW), exponiendo claramente sus opiniones. <a href=\"..\/files\/12012610433082\/AlcanModelLetter-SP.pdf\">V\u00e9anse carta modelo aqu\u00ed<\/a>.<\/p><p>Las cartas se pueden enviar por fax a las oficinas de Rio Tinto en Londres (+44 20 7781 1800) y Melbourne (+62 3 9283 3707), con copias a la <a href=\"mailto:unionrights@imfmetal.org\">FITIM<\/a>, la <a href=\"mailto:info@icem.org\">ICEM <\/a>y el <a href=\"mailto:bdavis@usw.org\">USW<\/a>. <br \/><br \/>V\u00e9anse <a href=\"..\/files\/12012511250582\/RioTintoAlcan%20Lockout%20Backgrounder.pdf\" target=\"_blank\">antecedentes detallados del conflicto aqu\u00ed<\/a>.<br \/><strong><br \/>Contactos: <\/strong><\/p><p>Clairandr\u00e9e Cauchy, Syndicat des M\u00e9tallos \/USW Communications, 514-774-4001, <a href=\"mailto:ccauchy@usw.ca\">ccauchy@usw.ca<\/a>;<br \/>Joe Drexler, Syndicat des M\u00e9tallos\/USW Strategic Campaigns, 416-544 6009, 416-434 7907, <a href=\"mailto:jdrexler@usw.ca\">jdrexler@usw.ca<\/a>.<br \/><br \/>  <\/p>","protected":false},"featured_media":0,"template":"","class_list":["post-199540","archive_imf","type-archive_imf","status-publish","hentry"],"acf":[],"yoast_head":"<!-- This site is optimized with the Yoast SEO Premium plugin v27.1 (Yoast SEO v27.1) - https:\/\/yoast.com\/product\/yoast-seo-premium-wordpress\/ -->\n<title>El cierre patronal de Rio Tinto en Canad\u00e1 dura ya casi un mes - industriall-union<\/title>\n<meta name=\"robots\" content=\"index, follow, max-snippet:-1, max-image-preview:large, max-video-preview:-1\" \/>\n<link rel=\"canonical\" href=\"https:\/\/admin.industriall-union.org\/es\/archive\/imf\/el-cierre-patronal-de-rio-tinto-en-canada-dura-ya-casi-un-mes\/\" \/>\n<meta property=\"og:locale\" content=\"es_ES\" \/>\n<meta property=\"og:type\" content=\"article\" \/>\n<meta property=\"og:title\" content=\"El cierre patronal de Rio Tinto en Canad\u00e1 dura ya casi un mes\" \/>\n<meta property=\"og:description\" content=\"CANADA: La compa\u00f1\u00eda desea tener derechos de contrataci\u00f3n ilimitados, y ha sustituido a trabajadores a tiempo completo, representados por el USW, por empleados subcontratados, en condiciones considerablemente peores cuando se jubilen. Se espera que el trabajo subcontratado aumente en la compa\u00f1\u00eda del 10 por ciento en 2010 al 27 por ciento en 2012. El USW [&hellip;]\" \/>\n<meta property=\"og:url\" content=\"https:\/\/admin.industriall-union.org\/es\/archive\/imf\/el-cierre-patronal-de-rio-tinto-en-canada-dura-ya-casi-un-mes\/\" \/>\n<meta property=\"og:site_name\" content=\"industriall-union\" \/>\n<meta property=\"article:modified_time\" content=\"2025-01-31T08:48:51+00:00\" \/>\n<meta name=\"twitter:card\" content=\"summary_large_image\" \/>\n<meta name=\"twitter:label1\" content=\"Est. reading time\" \/>\n\t<meta name=\"twitter:data1\" content=\"1 minute\" \/>\n<script type=\"application\/ld+json\" class=\"yoast-schema-graph\">{\"@context\":\"https:\/\/schema.org\",\"@graph\":[{\"@type\":\"WebPage\",\"@id\":\"https:\/\/admin.industriall-union.org\/es\/archive\/imf\/el-cierre-patronal-de-rio-tinto-en-canada-dura-ya-casi-un-mes\/\",\"url\":\"https:\/\/admin.industriall-union.org\/es\/archive\/imf\/el-cierre-patronal-de-rio-tinto-en-canada-dura-ya-casi-un-mes\/\",\"name\":\"El cierre patronal de Rio Tinto en Canad\u00e1 dura ya casi un mes - industriall-union\",\"isPartOf\":{\"@id\":\"https:\/\/admin.industriall-union.org\/#website\"},\"datePublished\":\"2012-01-25T10:11:00+00:00\",\"dateModified\":\"2025-01-31T08:48:51+00:00\",\"breadcrumb\":{\"@id\":\"https:\/\/admin.industriall-union.org\/es\/archive\/imf\/el-cierre-patronal-de-rio-tinto-en-canada-dura-ya-casi-un-mes\/#breadcrumb\"},\"inLanguage\":\"es-ES\",\"potentialAction\":[{\"@type\":\"ReadAction\",\"target\":[\"https:\/\/admin.industriall-union.org\/es\/archive\/imf\/el-cierre-patronal-de-rio-tinto-en-canada-dura-ya-casi-un-mes\/\"]}]},{\"@type\":\"BreadcrumbList\",\"@id\":\"https:\/\/admin.industriall-union.org\/es\/archive\/imf\/el-cierre-patronal-de-rio-tinto-en-canada-dura-ya-casi-un-mes\/#breadcrumb\",\"itemListElement\":[{\"@type\":\"ListItem\",\"position\":1,\"name\":\"Home\",\"item\":\"https:\/\/admin.industriall-union.org\/\"},{\"@type\":\"ListItem\",\"position\":2,\"name\":\"Archive Imf\",\"item\":\"https:\/\/admin.industriall-union.org\/es\/archive\/imf\/\"},{\"@type\":\"ListItem\",\"position\":3,\"name\":\"El cierre patronal de Rio Tinto en Canad\u00e1 dura ya casi un mes\"}]},{\"@type\":\"WebSite\",\"@id\":\"https:\/\/admin.industriall-union.org\/#website\",\"url\":\"https:\/\/admin.industriall-union.org\/\",\"name\":\"industriall-union\",\"description\":\"\",\"potentialAction\":[{\"@type\":\"SearchAction\",\"target\":{\"@type\":\"EntryPoint\",\"urlTemplate\":\"https:\/\/admin.industriall-union.org\/?s={search_term_string}\"},\"query-input\":{\"@type\":\"PropertyValueSpecification\",\"valueRequired\":true,\"valueName\":\"search_term_string\"}}],\"inLanguage\":\"es-ES\"}]}<\/script>\n<!-- \/ Yoast SEO Premium plugin. -->","yoast_head_json":{"title":"El cierre patronal de Rio Tinto en Canad\u00e1 dura ya casi un mes - industriall-union","robots":{"index":"index","follow":"follow","max-snippet":"max-snippet:-1","max-image-preview":"max-image-preview:large","max-video-preview":"max-video-preview:-1"},"canonical":"https:\/\/admin.industriall-union.org\/es\/archive\/imf\/el-cierre-patronal-de-rio-tinto-en-canada-dura-ya-casi-un-mes\/","og_locale":"es_ES","og_type":"article","og_title":"El cierre patronal de Rio Tinto en Canad\u00e1 dura ya casi un mes","og_description":"CANADA: La compa\u00f1\u00eda desea tener derechos de contrataci\u00f3n ilimitados, y ha sustituido a trabajadores a tiempo completo, representados por el USW, por empleados subcontratados, en condiciones considerablemente peores cuando se jubilen. Se espera que el trabajo subcontratado aumente en la compa\u00f1\u00eda del 10 por ciento en 2010 al 27 por ciento en 2012. El USW [&hellip;]","og_url":"https:\/\/admin.industriall-union.org\/es\/archive\/imf\/el-cierre-patronal-de-rio-tinto-en-canada-dura-ya-casi-un-mes\/","og_site_name":"industriall-union","article_modified_time":"2025-01-31T08:48:51+00:00","twitter_card":"summary_large_image","twitter_misc":{"Est. reading time":"1 minute"},"schema":{"@context":"https:\/\/schema.org","@graph":[{"@type":"WebPage","@id":"https:\/\/admin.industriall-union.org\/es\/archive\/imf\/el-cierre-patronal-de-rio-tinto-en-canada-dura-ya-casi-un-mes\/","url":"https:\/\/admin.industriall-union.org\/es\/archive\/imf\/el-cierre-patronal-de-rio-tinto-en-canada-dura-ya-casi-un-mes\/","name":"El cierre patronal de Rio Tinto en Canad\u00e1 dura ya casi un mes - industriall-union","isPartOf":{"@id":"https:\/\/admin.industriall-union.org\/#website"},"datePublished":"2012-01-25T10:11:00+00:00","dateModified":"2025-01-31T08:48:51+00:00","breadcrumb":{"@id":"https:\/\/admin.industriall-union.org\/es\/archive\/imf\/el-cierre-patronal-de-rio-tinto-en-canada-dura-ya-casi-un-mes\/#breadcrumb"},"inLanguage":"es-ES","potentialAction":[{"@type":"ReadAction","target":["https:\/\/admin.industriall-union.org\/es\/archive\/imf\/el-cierre-patronal-de-rio-tinto-en-canada-dura-ya-casi-un-mes\/"]}]},{"@type":"BreadcrumbList","@id":"https:\/\/admin.industriall-union.org\/es\/archive\/imf\/el-cierre-patronal-de-rio-tinto-en-canada-dura-ya-casi-un-mes\/#breadcrumb","itemListElement":[{"@type":"ListItem","position":1,"name":"Home","item":"https:\/\/admin.industriall-union.org\/"},{"@type":"ListItem","position":2,"name":"Archive Imf","item":"https:\/\/admin.industriall-union.org\/es\/archive\/imf\/"},{"@type":"ListItem","position":3,"name":"El cierre patronal de Rio Tinto en Canad\u00e1 dura ya casi un mes"}]},{"@type":"WebSite","@id":"https:\/\/admin.industriall-union.org\/#website","url":"https:\/\/admin.industriall-union.org\/","name":"industriall-union","description":"","potentialAction":[{"@type":"SearchAction","target":{"@type":"EntryPoint","urlTemplate":"https:\/\/admin.industriall-union.org\/?s={search_term_string}"},"query-input":{"@type":"PropertyValueSpecification","valueRequired":true,"valueName":"search_term_string"}}],"inLanguage":"es-ES"}]}},"_links":{"self":[{"href":"https:\/\/admin.industriall-union.org\/es\/wp-json\/wp\/v2\/archive_imf\/199540","targetHints":{"allow":["GET"]}}],"collection":[{"href":"https:\/\/admin.industriall-union.org\/es\/wp-json\/wp\/v2\/archive_imf"}],"about":[{"href":"https:\/\/admin.industriall-union.org\/es\/wp-json\/wp\/v2\/types\/archive_imf"}],"wp:attachment":[{"href":"https:\/\/admin.industriall-union.org\/es\/wp-json\/wp\/v2\/media?parent=199540"}],"curies":[{"name":"wp","href":"https:\/\/api.w.org\/{rel}","templated":true}]}}

El cierre patronal de Rio Tinto en Canadá dura ya casi un mes

<p>CANADA: La compañía desea tener derechos de contratación ilimitados, y ha sustituido a trabajadores a tiempo completo, representados por el USW, por empleados subcontratados, en condiciones considerablemente peores cuando se jubilen. Se espera que el trabajo subcontratado aumente en la compañía del 10 por ciento en 2010 al 27 por ciento en 2012. El USW quiere que se imponga un tope de 750 empleos permanentes en el establecimiento de Alma.</p><p>El recurso a esquiroles o trabajadores de sustitución durante un conflicto laboral está prohibido por la ley en Québec. Según la compañía, el establecimiento funciona actualmente a un tercio de su capacidad, con la ayuda de 200 empleados de &quot;gestión&quot;. El USW ha presentado una queja ante la junta de trabajo provincial.</p><p>La FITIM y la ICEM han enviado una <a href="../files/12012511200682/ICEM-IMFletterRioTintoAlma1.18Jan.pdf" target="_blank">firme protesta al director ejecutivo de Rio Tinto Tom Albanese</a>: &quot;No hay precedentes en América del Norte de una compañía que pida a un sindicato que acepte la sustitución de todos los puestos permanentes cuando los trabajadores se jubilen por empleados por contrato.&quot;<br /><br />Se insta a los afiliados a enviar también cartas de protesta a Albanese (con copias a la FITIM, a la ICEM y al USW), exponiendo claramente sus opiniones. <a href="../files/12012610433082/AlcanModelLetter-SP.pdf">Véanse carta modelo aquí</a>.</p><p>Las cartas se pueden enviar por fax a las oficinas de Rio Tinto en Londres (+44 20 7781 1800) y Melbourne (+62 3 9283 3707), con copias a la <a href="mailto:unionrights@imfmetal.org">FITIM</a>, la <a href="mailto:info@icem.org">ICEM </a>y el <a href="mailto:bdavis@usw.org">USW</a>. <br /><br />Véanse <a href="../files/12012511250582/RioTintoAlcan%20Lockout%20Backgrounder.pdf" target="_blank">antecedentes detallados del conflicto aquí</a>.<br /><strong><br />Contactos: </strong></p><p>Clairandrée Cauchy, Syndicat des Métallos /USW Communications, 514-774-4001, <a href="mailto:ccauchy@usw.ca">ccauchy@usw.ca</a>;<br />Joe Drexler, Syndicat des Métallos/USW Strategic Campaigns, 416-544 6009, 416-434 7907, <a href="mailto:jdrexler@usw.ca">jdrexler@usw.ca</a>.<br /><br />  </p>

<!-- This site is optimized with the Yoast SEO Premium plugin v27.1 (Yoast SEO v27.1) - https://yoast.com/product/yoast-seo-premium-wordpress/ -->
<title>El cierre patronal de Rio Tinto en Canadá dura ya casi un mes - industriall-union</title>
<meta name="robots" content="index, follow, max-snippet:-1, max-image-preview:large, max-video-preview:-1" />
<link rel="canonical" href="https://admin.industriall-union.org/es/archive/imf/el-cierre-patronal-de-rio-tinto-en-canada-dura-ya-casi-un-mes/" />
<meta property="og:locale" content="es_ES" />
<meta property="og:type" content="article" />
<meta property="og:title" content="El cierre patronal de Rio Tinto en Canadá dura ya casi un mes" />
<meta property="og:description" content="CANADA: La compañía desea tener derechos de contratación ilimitados, y ha sustituido a trabajadores a tiempo completo, representados por el USW, por empleados subcontratados, en condiciones considerablemente peores cuando se jubilen. Se espera que el trabajo subcontratado aumente en la compañía del 10 por ciento en 2010 al 27 por ciento en 2012. El USW [&hellip;]" />
<meta property="og:url" content="https://admin.industriall-union.org/es/archive/imf/el-cierre-patronal-de-rio-tinto-en-canada-dura-ya-casi-un-mes/" />
<meta property="og:site_name" content="industriall-union" />
<meta property="article:modified_time" content="2025-01-31T08:48:51+00:00" />
<meta name="twitter:card" content="summary_large_image" />
<meta name="twitter:label1" content="Est. reading time" />
	<meta name="twitter:data1" content="1 minute" />
<script type="application/ld+json" class="yoast-schema-graph">{"@context":"https://schema.org","@graph":[{"@type":"WebPage","@id":"https://admin.industriall-union.org/es/archive/imf/el-cierre-patronal-de-rio-tinto-en-canada-dura-ya-casi-un-mes/","url":"https://admin.industriall-union.org/es/archive/imf/el-cierre-patronal-de-rio-tinto-en-canada-dura-ya-casi-un-mes/","name":"El cierre patronal de Rio Tinto en Canadá dura ya casi un mes - industriall-union","isPartOf":{"@id":"https://admin.industriall-union.org/#website"},"datePublished":"2012-01-25T10:11:00+00:00","dateModified":"2025-01-31T08:48:51+00:00","breadcrumb":{"@id":"https://admin.industriall-union.org/es/archive/imf/el-cierre-patronal-de-rio-tinto-en-canada-dura-ya-casi-un-mes/#breadcrumb"},"inLanguage":"es-ES","potentialAction":[{"@type":"ReadAction","target":["https://admin.industriall-union.org/es/archive/imf/el-cierre-patronal-de-rio-tinto-en-canada-dura-ya-casi-un-mes/"]}]},{"@type":"BreadcrumbList","@id":"https://admin.industriall-union.org/es/archive/imf/el-cierre-patronal-de-rio-tinto-en-canada-dura-ya-casi-un-mes/#breadcrumb","itemListElement":[{"@type":"ListItem","position":1,"name":"Home","item":"https://admin.industriall-union.org/"},{"@type":"ListItem","position":2,"name":"Archive Imf","item":"https://admin.industriall-union.org/es/archive/imf/"},{"@type":"ListItem","position":3,"name":"El cierre patronal de Rio Tinto en Canadá dura ya casi un mes"}]},{"@type":"WebSite","@id":"https://admin.industriall-union.org/#website","url":"https://admin.industriall-union.org/","name":"industriall-union","description":"","potentialAction":[{"@type":"SearchAction","target":{"@type":"EntryPoint","urlTemplate":"https://admin.industriall-union.org/?s={search_term_string}"},"query-input":{"@type":"PropertyValueSpecification","valueRequired":true,"valueName":"search_term_string"}}],"inLanguage":"es-ES"}]}</script>
<!-- / Yoast SEO Premium plugin. -->

El cierre patronal de Rio Tinto en Canadá dura ya casi un mes - industriall-union

CANADA: La compañía desea tener derechos de contratación ilimitados, y ha sustituido a trabajadores a tiempo completo, representados por el USW, por empleados subcontratados, en condiciones considerablemente peores cuando se jubilen. Se espera que el trabajo subcontratado aumente en la compañía del 10 por ciento en 2010 al 27 por ciento en 2012. El USW [&hellip;]
