{"id":199153,"date":"2012-04-30T11:24:00","date_gmt":"2012-04-30T11:24:00","guid":{"rendered":"https:\/\/admin.industriall-union.org\/archive\/imf\/los-sindicatos-mundiales-exigen-una-recuperacion-duradera-y-equitativa\/"},"modified":"2025-01-31T08:32:58","modified_gmt":"2025-01-31T08:32:58","slug":"los-sindicatos-mundiales-exigen-una-recuperacion-duradera-y-equitativa","status":"publish","type":"archive_imf","link":"https:\/\/admin.industriall-union.org\/es\/archive\/imf\/los-sindicatos-mundiales-exigen-una-recuperacion-duradera-y-equitativa\/","title":{"rendered":"Los Sindicatos Mundiales exigen una recuperaci\u00f3n duradera y equitativa"},"content":{"rendered":"<p>MUNDIAL: Este Primero de Mayo, la Federaci\u00f3n Internacional de Trabajadores de las Industrias Metal\u00fargicas (FITIM) se une a todos los Sindicatos Mundiales en un llamamiento a los gobiernos, a que asuman sus responsabilidades y cooperen para poner t\u00e9rmino a la crisis financiera, creando puestos de trabajo dignos y sustentables y defendiendo los derechos de la gente en el trabajo.\u00a0\u00a0\u00a0\u00a0 \u00a0<\/p><p>&quot;Hace ya m\u00e1s de cinco a\u00f1os que golpe\u00f3 la crisis financiera, muy pronto seguida de una gran crisis econ\u00f3mica. Ese &#8220;terremoto econ\u00f3mico&#8221; expuso los peligros de la financializaci\u00f3n, de hacer que la econom\u00eda real se subordinara a las finanzas, y de dos d\u00e9cadas de creciente desigualdad&#8221;, escriben los Sindicatos Mundiales en una declaraci\u00f3n conjunta con ocasi\u00f3n del Primero de Mayo de 2012.\u00a0\u00a0 \u00a0<\/p><p>Los Sindicatos Mundiales hacen conjuntamente un llamamiento a los gobiernos:<\/p><ul><li>por la regulaci\u00f3n mundial de los mercados financieros<\/li><li>por una acci\u00f3n urgente orientada a la creaci\u00f3n de puestos de trabajo con empleo seguro\u00a0\u00a0\u00a0 \u00a0<\/li><li>por respuestas sustentables a los retos del cambio clim\u00e1tico\u00a0\u00a0 \u00a0<\/li><li>por impuestos equitativos, incluido un Impuesto sobre Transacciones Financieras <\/li><li>por el pleno respeto de los derechossindicales <\/li><li>por la protecci\u00f3n social completa para todos <\/li><li>por el derecho garantizado para las necesidades b\u00e1sicas, como la alimentaci\u00f3n y la vivienda <\/li><li>por la oposici\u00f3n a las medidas de austeridad <\/li><li>por las inversiones continuas en servicios p\u00fablicos <\/li><\/ul><p>Al texto \u00edntegro de la declaraci\u00f3n,\u00a0 <a href=\"..\/files\/12043013211766\/GU_May_Day_Statement_2012_EN.pdf\" target=\"_blank\">Government must act for a sustainable and equitable recovery<\/a>, se puede acceder aqu\u00ed.<\/p><p>&nbsp;<\/p>","protected":false},"featured_media":0,"template":"","class_list":["post-199153","archive_imf","type-archive_imf","status-publish","hentry"],"acf":[],"yoast_head":"<!-- This site is optimized with the Yoast SEO Premium plugin v27.1 (Yoast SEO v27.1) - https:\/\/yoast.com\/product\/yoast-seo-premium-wordpress\/ -->\n<title>Los Sindicatos Mundiales exigen una recuperaci\u00f3n duradera y equitativa - industriall-union<\/title>\n<meta name=\"robots\" content=\"index, follow, max-snippet:-1, max-image-preview:large, max-video-preview:-1\" \/>\n<link rel=\"canonical\" href=\"https:\/\/admin.industriall-union.org\/es\/archive\/imf\/los-sindicatos-mundiales-exigen-una-recuperacion-duradera-y-equitativa\/\" \/>\n<meta property=\"og:locale\" content=\"es_ES\" \/>\n<meta property=\"og:type\" content=\"article\" \/>\n<meta property=\"og:title\" content=\"Los Sindicatos Mundiales exigen una recuperaci\u00f3n duradera y equitativa\" \/>\n<meta property=\"og:description\" content=\"MUNDIAL: Este Primero de Mayo, la Federaci\u00f3n Internacional de Trabajadores de las Industrias Metal\u00fargicas (FITIM) se une a todos los Sindicatos Mundiales en un llamamiento a los gobiernos, a que asuman sus responsabilidades y cooperen para poner t\u00e9rmino a la crisis financiera, creando puestos de trabajo dignos y sustentables y defendiendo los derechos de la [&hellip;]\" \/>\n<meta property=\"og:url\" content=\"https:\/\/admin.industriall-union.org\/es\/archive\/imf\/los-sindicatos-mundiales-exigen-una-recuperacion-duradera-y-equitativa\/\" \/>\n<meta property=\"og:site_name\" content=\"industriall-union\" \/>\n<meta property=\"article:modified_time\" content=\"2025-01-31T08:32:58+00:00\" \/>\n<meta name=\"twitter:card\" content=\"summary_large_image\" \/>\n<meta name=\"twitter:label1\" content=\"Est. reading time\" \/>\n\t<meta name=\"twitter:data1\" content=\"1 minute\" \/>\n<script type=\"application\/ld+json\" class=\"yoast-schema-graph\">{\"@context\":\"https:\/\/schema.org\",\"@graph\":[{\"@type\":\"WebPage\",\"@id\":\"https:\/\/admin.industriall-union.org\/es\/archive\/imf\/los-sindicatos-mundiales-exigen-una-recuperacion-duradera-y-equitativa\/\",\"url\":\"https:\/\/admin.industriall-union.org\/es\/archive\/imf\/los-sindicatos-mundiales-exigen-una-recuperacion-duradera-y-equitativa\/\",\"name\":\"Los Sindicatos Mundiales exigen una recuperaci\u00f3n duradera y equitativa - industriall-union\",\"isPartOf\":{\"@id\":\"https:\/\/admin.industriall-union.org\/#website\"},\"datePublished\":\"2012-04-30T11:24:00+00:00\",\"dateModified\":\"2025-01-31T08:32:58+00:00\",\"breadcrumb\":{\"@id\":\"https:\/\/admin.industriall-union.org\/es\/archive\/imf\/los-sindicatos-mundiales-exigen-una-recuperacion-duradera-y-equitativa\/#breadcrumb\"},\"inLanguage\":\"es-ES\",\"potentialAction\":[{\"@type\":\"ReadAction\",\"target\":[\"https:\/\/admin.industriall-union.org\/es\/archive\/imf\/los-sindicatos-mundiales-exigen-una-recuperacion-duradera-y-equitativa\/\"]}]},{\"@type\":\"BreadcrumbList\",\"@id\":\"https:\/\/admin.industriall-union.org\/es\/archive\/imf\/los-sindicatos-mundiales-exigen-una-recuperacion-duradera-y-equitativa\/#breadcrumb\",\"itemListElement\":[{\"@type\":\"ListItem\",\"position\":1,\"name\":\"Home\",\"item\":\"https:\/\/admin.industriall-union.org\/\"},{\"@type\":\"ListItem\",\"position\":2,\"name\":\"Archive Imf\",\"item\":\"https:\/\/admin.industriall-union.org\/es\/archive\/imf\/\"},{\"@type\":\"ListItem\",\"position\":3,\"name\":\"Los Sindicatos Mundiales exigen una recuperaci\u00f3n duradera y equitativa\"}]},{\"@type\":\"WebSite\",\"@id\":\"https:\/\/admin.industriall-union.org\/#website\",\"url\":\"https:\/\/admin.industriall-union.org\/\",\"name\":\"industriall-union\",\"description\":\"\",\"potentialAction\":[{\"@type\":\"SearchAction\",\"target\":{\"@type\":\"EntryPoint\",\"urlTemplate\":\"https:\/\/admin.industriall-union.org\/?s={search_term_string}\"},\"query-input\":{\"@type\":\"PropertyValueSpecification\",\"valueRequired\":true,\"valueName\":\"search_term_string\"}}],\"inLanguage\":\"es-ES\"}]}<\/script>\n<!-- \/ Yoast SEO Premium plugin. -->","yoast_head_json":{"title":"Los Sindicatos Mundiales exigen una recuperaci\u00f3n duradera y equitativa - industriall-union","robots":{"index":"index","follow":"follow","max-snippet":"max-snippet:-1","max-image-preview":"max-image-preview:large","max-video-preview":"max-video-preview:-1"},"canonical":"https:\/\/admin.industriall-union.org\/es\/archive\/imf\/los-sindicatos-mundiales-exigen-una-recuperacion-duradera-y-equitativa\/","og_locale":"es_ES","og_type":"article","og_title":"Los Sindicatos Mundiales exigen una recuperaci\u00f3n duradera y equitativa","og_description":"MUNDIAL: Este Primero de Mayo, la Federaci\u00f3n Internacional de Trabajadores de las Industrias Metal\u00fargicas (FITIM) se une a todos los Sindicatos Mundiales en un llamamiento a los gobiernos, a que asuman sus responsabilidades y cooperen para poner t\u00e9rmino a la crisis financiera, creando puestos de trabajo dignos y sustentables y defendiendo los derechos de la [&hellip;]","og_url":"https:\/\/admin.industriall-union.org\/es\/archive\/imf\/los-sindicatos-mundiales-exigen-una-recuperacion-duradera-y-equitativa\/","og_site_name":"industriall-union","article_modified_time":"2025-01-31T08:32:58+00:00","twitter_card":"summary_large_image","twitter_misc":{"Est. reading time":"1 minute"},"schema":{"@context":"https:\/\/schema.org","@graph":[{"@type":"WebPage","@id":"https:\/\/admin.industriall-union.org\/es\/archive\/imf\/los-sindicatos-mundiales-exigen-una-recuperacion-duradera-y-equitativa\/","url":"https:\/\/admin.industriall-union.org\/es\/archive\/imf\/los-sindicatos-mundiales-exigen-una-recuperacion-duradera-y-equitativa\/","name":"Los Sindicatos Mundiales exigen una recuperaci\u00f3n duradera y equitativa - industriall-union","isPartOf":{"@id":"https:\/\/admin.industriall-union.org\/#website"},"datePublished":"2012-04-30T11:24:00+00:00","dateModified":"2025-01-31T08:32:58+00:00","breadcrumb":{"@id":"https:\/\/admin.industriall-union.org\/es\/archive\/imf\/los-sindicatos-mundiales-exigen-una-recuperacion-duradera-y-equitativa\/#breadcrumb"},"inLanguage":"es-ES","potentialAction":[{"@type":"ReadAction","target":["https:\/\/admin.industriall-union.org\/es\/archive\/imf\/los-sindicatos-mundiales-exigen-una-recuperacion-duradera-y-equitativa\/"]}]},{"@type":"BreadcrumbList","@id":"https:\/\/admin.industriall-union.org\/es\/archive\/imf\/los-sindicatos-mundiales-exigen-una-recuperacion-duradera-y-equitativa\/#breadcrumb","itemListElement":[{"@type":"ListItem","position":1,"name":"Home","item":"https:\/\/admin.industriall-union.org\/"},{"@type":"ListItem","position":2,"name":"Archive Imf","item":"https:\/\/admin.industriall-union.org\/es\/archive\/imf\/"},{"@type":"ListItem","position":3,"name":"Los Sindicatos Mundiales exigen una recuperaci\u00f3n duradera y equitativa"}]},{"@type":"WebSite","@id":"https:\/\/admin.industriall-union.org\/#website","url":"https:\/\/admin.industriall-union.org\/","name":"industriall-union","description":"","potentialAction":[{"@type":"SearchAction","target":{"@type":"EntryPoint","urlTemplate":"https:\/\/admin.industriall-union.org\/?s={search_term_string}"},"query-input":{"@type":"PropertyValueSpecification","valueRequired":true,"valueName":"search_term_string"}}],"inLanguage":"es-ES"}]}},"_links":{"self":[{"href":"https:\/\/admin.industriall-union.org\/es\/wp-json\/wp\/v2\/archive_imf\/199153","targetHints":{"allow":["GET"]}}],"collection":[{"href":"https:\/\/admin.industriall-union.org\/es\/wp-json\/wp\/v2\/archive_imf"}],"about":[{"href":"https:\/\/admin.industriall-union.org\/es\/wp-json\/wp\/v2\/types\/archive_imf"}],"wp:attachment":[{"href":"https:\/\/admin.industriall-union.org\/es\/wp-json\/wp\/v2\/media?parent=199153"}],"curies":[{"name":"wp","href":"https:\/\/api.w.org\/{rel}","templated":true}]}}

Los Sindicatos Mundiales exigen una recuperación duradera y equitativa

<p>MUNDIAL: Este Primero de Mayo, la Federación Internacional de Trabajadores de las Industrias Metalúrgicas (FITIM) se une a todos los Sindicatos Mundiales en un llamamiento a los gobiernos, a que asuman sus responsabilidades y cooperen para poner término a la crisis financiera, creando puestos de trabajo dignos y sustentables y defendiendo los derechos de la gente en el trabajo.      </p><p>&quot;Hace ya más de cinco años que golpeó la crisis financiera, muy pronto seguida de una gran crisis económica. Ese &#8220;terremoto económico&#8221; expuso los peligros de la financialización, de hacer que la economía real se subordinara a las finanzas, y de dos décadas de creciente desigualdad&#8221;, escriben los Sindicatos Mundiales en una declaración conjunta con ocasión del Primero de Mayo de 2012.    </p><p>Los Sindicatos Mundiales hacen conjuntamente un llamamiento a los gobiernos:</p><ul><li>por la regulación mundial de los mercados financieros</li><li>por una acción urgente orientada a la creación de puestos de trabajo con empleo seguro     </li><li>por respuestas sustentables a los retos del cambio climático    </li><li>por impuestos equitativos, incluido un Impuesto sobre Transacciones Financieras </li><li>por el pleno respeto de los derechossindicales </li><li>por la protección social completa para todos </li><li>por el derecho garantizado para las necesidades básicas, como la alimentación y la vivienda </li><li>por la oposición a las medidas de austeridad </li><li>por las inversiones continuas en servicios públicos </li></ul><p>Al texto íntegro de la declaración,  <a href="../files/12043013211766/GU_May_Day_Statement_2012_EN.pdf" target="_blank">Government must act for a sustainable and equitable recovery</a>, se puede acceder aquí.</p><p>&nbsp;</p>

<!-- This site is optimized with the Yoast SEO Premium plugin v27.1 (Yoast SEO v27.1) - https://yoast.com/product/yoast-seo-premium-wordpress/ -->
<title>Los Sindicatos Mundiales exigen una recuperación duradera y equitativa - industriall-union</title>
<meta name="robots" content="index, follow, max-snippet:-1, max-image-preview:large, max-video-preview:-1" />
<link rel="canonical" href="https://admin.industriall-union.org/es/archive/imf/los-sindicatos-mundiales-exigen-una-recuperacion-duradera-y-equitativa/" />
<meta property="og:locale" content="es_ES" />
<meta property="og:type" content="article" />
<meta property="og:title" content="Los Sindicatos Mundiales exigen una recuperación duradera y equitativa" />
<meta property="og:description" content="MUNDIAL: Este Primero de Mayo, la Federación Internacional de Trabajadores de las Industrias Metalúrgicas (FITIM) se une a todos los Sindicatos Mundiales en un llamamiento a los gobiernos, a que asuman sus responsabilidades y cooperen para poner término a la crisis financiera, creando puestos de trabajo dignos y sustentables y defendiendo los derechos de la [&hellip;]" />
<meta property="og:url" content="https://admin.industriall-union.org/es/archive/imf/los-sindicatos-mundiales-exigen-una-recuperacion-duradera-y-equitativa/" />
<meta property="og:site_name" content="industriall-union" />
<meta property="article:modified_time" content="2025-01-31T08:32:58+00:00" />
<meta name="twitter:card" content="summary_large_image" />
<meta name="twitter:label1" content="Est. reading time" />
	<meta name="twitter:data1" content="1 minute" />
<script type="application/ld+json" class="yoast-schema-graph">{"@context":"https://schema.org","@graph":[{"@type":"WebPage","@id":"https://admin.industriall-union.org/es/archive/imf/los-sindicatos-mundiales-exigen-una-recuperacion-duradera-y-equitativa/","url":"https://admin.industriall-union.org/es/archive/imf/los-sindicatos-mundiales-exigen-una-recuperacion-duradera-y-equitativa/","name":"Los Sindicatos Mundiales exigen una recuperación duradera y equitativa - industriall-union","isPartOf":{"@id":"https://admin.industriall-union.org/#website"},"datePublished":"2012-04-30T11:24:00+00:00","dateModified":"2025-01-31T08:32:58+00:00","breadcrumb":{"@id":"https://admin.industriall-union.org/es/archive/imf/los-sindicatos-mundiales-exigen-una-recuperacion-duradera-y-equitativa/#breadcrumb"},"inLanguage":"es-ES","potentialAction":[{"@type":"ReadAction","target":["https://admin.industriall-union.org/es/archive/imf/los-sindicatos-mundiales-exigen-una-recuperacion-duradera-y-equitativa/"]}]},{"@type":"BreadcrumbList","@id":"https://admin.industriall-union.org/es/archive/imf/los-sindicatos-mundiales-exigen-una-recuperacion-duradera-y-equitativa/#breadcrumb","itemListElement":[{"@type":"ListItem","position":1,"name":"Home","item":"https://admin.industriall-union.org/"},{"@type":"ListItem","position":2,"name":"Archive Imf","item":"https://admin.industriall-union.org/es/archive/imf/"},{"@type":"ListItem","position":3,"name":"Los Sindicatos Mundiales exigen una recuperación duradera y equitativa"}]},{"@type":"WebSite","@id":"https://admin.industriall-union.org/#website","url":"https://admin.industriall-union.org/","name":"industriall-union","description":"","potentialAction":[{"@type":"SearchAction","target":{"@type":"EntryPoint","urlTemplate":"https://admin.industriall-union.org/?s={search_term_string}"},"query-input":{"@type":"PropertyValueSpecification","valueRequired":true,"valueName":"search_term_string"}}],"inLanguage":"es-ES"}]}</script>
<!-- / Yoast SEO Premium plugin. -->

Los Sindicatos Mundiales exigen una recuperación duradera y equitativa - industriall-union

MUNDIAL: Este Primero de Mayo, la Federación Internacional de Trabajadores de las Industrias Metalúrgicas (FITIM) se une a todos los Sindicatos Mundiales en un llamamiento a los gobiernos, a que asuman sus responsabilidades y cooperen para poner término a la crisis financiera, creando puestos de trabajo dignos y sustentables y defendiendo los derechos de la [&hellip;]
