{"id":199066,"date":"2012-05-21T15:12:00","date_gmt":"2012-05-21T15:12:00","guid":{"rendered":"https:\/\/admin.industriall-union.org\/archive\/imf\/ig-metall-logra-una-subida-salarial-del-4-3-por-ciento\/"},"modified":"2025-01-31T08:28:01","modified_gmt":"2025-01-31T08:28:01","slug":"ig-metall-logra-una-subida-salarial-del-4-3-por-ciento","status":"publish","type":"archive_imf","link":"https:\/\/admin.industriall-union.org\/es\/archive\/imf\/ig-metall-logra-una-subida-salarial-del-4-3-por-ciento\/","title":{"rendered":"IG Metall logra una subida salarial del 4,3 por ciento"},"content":{"rendered":"<p>ALEMANIA: Con un aumento salarial del 4,3 por ciento para 800.000 trabajadores, a partir del 1 de mayo de 2012, IG Metall termin\u00f3 sus negociaciones a primeras horas del 19 de mayo, tras conversaciones maratonianas y vigorosas huelgas de advertencia de sus miembros. Se trata del mayor aumento salarial en 20 a\u00f1os y supone m\u00e1s del doble de la tasa de inflaci\u00f3n, lo que representa una subida salarial real para los trabajadores.<\/p><p>IG Metall negoci\u00f3 tambi\u00e9n otras dos cuestiones muy importantes: la regulaci\u00f3n del trabajo por agencia y una garant\u00eda de empleo para los aprendices.<\/p><p>Sobre el trabajo por agencia se convino en un verdadero derecho de codeterminaci\u00f3n del Comit\u00e9 de Empresa, si el empleador trata de contratar trabajadores por agencia. El Comit\u00e9 de Empresa tiene ahora derecho a objetar el uso del trabajadores por agencia y, en caso de conflicto, el empleador debe que recurrir a los tribunales. La otra opcion de los empleadores ea negociar un acuerdo facultativo sobre los trabajadores por agencia, que incluye la regulaci\u00f3n del n\u00famero de trabajadores por agencia contratados, l\u00edmites del per\u00edodo de tiempo y acuerdo sobre sueldos. Se espera que la mayor\u00eda de los empleadores opten por el acuerdo facultativo que da a los Comit\u00e9s de Empresa un verdadero derecho de codeterminaci\u00f3n para restringir el trabajo por agencia y garantizar la igualdad salarial.<\/p><p>Otro \u00e9xito del nuevo acuerdo es que garantiza el empleo de los aprendices. Seg\u00fan el acuerdo, el empleador tiene que convenir con el Comit\u00e9 de Empresa la nueva necesidad de personal y ofrecer luego empleo indefinido al n\u00famero convenido de aprendices. Otra posibilidad, de no existir ese acuerdo, es que el empleador discuta con el Comit\u00e9 de Empresa la necesidad real de personal seis meses antes de finalizar el aprendizaje, y luego ofrecer al n\u00famero convenido de aprendices un empleo indefinido, y a los dem\u00e1s ofrecerles un empleo de un a\u00f1o como m\u00ednimo. Tres meses antes de finalizar ese per\u00edodo, el empleador ha de negociar de nuevo con el Comit\u00e9 de Empresa si hay necesidad de m\u00e1s personal y, por lo tanto, la oportunidad de ofrecer empleo indefinido a m\u00e1s aprendices.<\/p>","protected":false},"featured_media":0,"template":"","class_list":["post-199066","archive_imf","type-archive_imf","status-publish","hentry"],"acf":[],"yoast_head":"<!-- This site is optimized with the Yoast SEO Premium plugin v27.1 (Yoast SEO v27.1) - https:\/\/yoast.com\/product\/yoast-seo-premium-wordpress\/ -->\n<title>IG Metall logra una subida salarial del 4,3 por ciento - industriall-union<\/title>\n<meta name=\"robots\" content=\"index, follow, max-snippet:-1, max-image-preview:large, max-video-preview:-1\" \/>\n<link rel=\"canonical\" href=\"https:\/\/admin.industriall-union.org\/es\/archive\/imf\/ig-metall-logra-una-subida-salarial-del-4-3-por-ciento\/\" \/>\n<meta property=\"og:locale\" content=\"es_ES\" \/>\n<meta property=\"og:type\" content=\"article\" \/>\n<meta property=\"og:title\" content=\"IG Metall logra una subida salarial del 4,3 por ciento\" \/>\n<meta property=\"og:description\" content=\"ALEMANIA: Con un aumento salarial del 4,3 por ciento para 800.000 trabajadores, a partir del 1 de mayo de 2012, IG Metall termin\u00f3 sus negociaciones a primeras horas del 19 de mayo, tras conversaciones maratonianas y vigorosas huelgas de advertencia de sus miembros. Se trata del mayor aumento salarial en 20 a\u00f1os y supone m\u00e1s [&hellip;]\" \/>\n<meta property=\"og:url\" content=\"https:\/\/admin.industriall-union.org\/es\/archive\/imf\/ig-metall-logra-una-subida-salarial-del-4-3-por-ciento\/\" \/>\n<meta property=\"og:site_name\" content=\"industriall-union\" \/>\n<meta property=\"article:modified_time\" content=\"2025-01-31T08:28:01+00:00\" \/>\n<meta name=\"twitter:card\" content=\"summary_large_image\" \/>\n<meta name=\"twitter:label1\" content=\"Est. reading time\" \/>\n\t<meta name=\"twitter:data1\" content=\"2 minutes\" \/>\n<script type=\"application\/ld+json\" class=\"yoast-schema-graph\">{\"@context\":\"https:\/\/schema.org\",\"@graph\":[{\"@type\":\"WebPage\",\"@id\":\"https:\/\/admin.industriall-union.org\/es\/archive\/imf\/ig-metall-logra-una-subida-salarial-del-4-3-por-ciento\/\",\"url\":\"https:\/\/admin.industriall-union.org\/es\/archive\/imf\/ig-metall-logra-una-subida-salarial-del-4-3-por-ciento\/\",\"name\":\"IG Metall logra una subida salarial del 4,3 por ciento - industriall-union\",\"isPartOf\":{\"@id\":\"https:\/\/admin.industriall-union.org\/#website\"},\"datePublished\":\"2012-05-21T15:12:00+00:00\",\"dateModified\":\"2025-01-31T08:28:01+00:00\",\"breadcrumb\":{\"@id\":\"https:\/\/admin.industriall-union.org\/es\/archive\/imf\/ig-metall-logra-una-subida-salarial-del-4-3-por-ciento\/#breadcrumb\"},\"inLanguage\":\"es-ES\",\"potentialAction\":[{\"@type\":\"ReadAction\",\"target\":[\"https:\/\/admin.industriall-union.org\/es\/archive\/imf\/ig-metall-logra-una-subida-salarial-del-4-3-por-ciento\/\"]}]},{\"@type\":\"BreadcrumbList\",\"@id\":\"https:\/\/admin.industriall-union.org\/es\/archive\/imf\/ig-metall-logra-una-subida-salarial-del-4-3-por-ciento\/#breadcrumb\",\"itemListElement\":[{\"@type\":\"ListItem\",\"position\":1,\"name\":\"Home\",\"item\":\"https:\/\/admin.industriall-union.org\/\"},{\"@type\":\"ListItem\",\"position\":2,\"name\":\"Archive Imf\",\"item\":\"https:\/\/admin.industriall-union.org\/es\/archive\/imf\/\"},{\"@type\":\"ListItem\",\"position\":3,\"name\":\"IG Metall logra una subida salarial del 4,3 por ciento\"}]},{\"@type\":\"WebSite\",\"@id\":\"https:\/\/admin.industriall-union.org\/#website\",\"url\":\"https:\/\/admin.industriall-union.org\/\",\"name\":\"industriall-union\",\"description\":\"\",\"potentialAction\":[{\"@type\":\"SearchAction\",\"target\":{\"@type\":\"EntryPoint\",\"urlTemplate\":\"https:\/\/admin.industriall-union.org\/?s={search_term_string}\"},\"query-input\":{\"@type\":\"PropertyValueSpecification\",\"valueRequired\":true,\"valueName\":\"search_term_string\"}}],\"inLanguage\":\"es-ES\"}]}<\/script>\n<!-- \/ Yoast SEO Premium plugin. -->","yoast_head_json":{"title":"IG Metall logra una subida salarial del 4,3 por ciento - industriall-union","robots":{"index":"index","follow":"follow","max-snippet":"max-snippet:-1","max-image-preview":"max-image-preview:large","max-video-preview":"max-video-preview:-1"},"canonical":"https:\/\/admin.industriall-union.org\/es\/archive\/imf\/ig-metall-logra-una-subida-salarial-del-4-3-por-ciento\/","og_locale":"es_ES","og_type":"article","og_title":"IG Metall logra una subida salarial del 4,3 por ciento","og_description":"ALEMANIA: Con un aumento salarial del 4,3 por ciento para 800.000 trabajadores, a partir del 1 de mayo de 2012, IG Metall termin\u00f3 sus negociaciones a primeras horas del 19 de mayo, tras conversaciones maratonianas y vigorosas huelgas de advertencia de sus miembros. Se trata del mayor aumento salarial en 20 a\u00f1os y supone m\u00e1s [&hellip;]","og_url":"https:\/\/admin.industriall-union.org\/es\/archive\/imf\/ig-metall-logra-una-subida-salarial-del-4-3-por-ciento\/","og_site_name":"industriall-union","article_modified_time":"2025-01-31T08:28:01+00:00","twitter_card":"summary_large_image","twitter_misc":{"Est. reading time":"2 minutes"},"schema":{"@context":"https:\/\/schema.org","@graph":[{"@type":"WebPage","@id":"https:\/\/admin.industriall-union.org\/es\/archive\/imf\/ig-metall-logra-una-subida-salarial-del-4-3-por-ciento\/","url":"https:\/\/admin.industriall-union.org\/es\/archive\/imf\/ig-metall-logra-una-subida-salarial-del-4-3-por-ciento\/","name":"IG Metall logra una subida salarial del 4,3 por ciento - industriall-union","isPartOf":{"@id":"https:\/\/admin.industriall-union.org\/#website"},"datePublished":"2012-05-21T15:12:00+00:00","dateModified":"2025-01-31T08:28:01+00:00","breadcrumb":{"@id":"https:\/\/admin.industriall-union.org\/es\/archive\/imf\/ig-metall-logra-una-subida-salarial-del-4-3-por-ciento\/#breadcrumb"},"inLanguage":"es-ES","potentialAction":[{"@type":"ReadAction","target":["https:\/\/admin.industriall-union.org\/es\/archive\/imf\/ig-metall-logra-una-subida-salarial-del-4-3-por-ciento\/"]}]},{"@type":"BreadcrumbList","@id":"https:\/\/admin.industriall-union.org\/es\/archive\/imf\/ig-metall-logra-una-subida-salarial-del-4-3-por-ciento\/#breadcrumb","itemListElement":[{"@type":"ListItem","position":1,"name":"Home","item":"https:\/\/admin.industriall-union.org\/"},{"@type":"ListItem","position":2,"name":"Archive Imf","item":"https:\/\/admin.industriall-union.org\/es\/archive\/imf\/"},{"@type":"ListItem","position":3,"name":"IG Metall logra una subida salarial del 4,3 por ciento"}]},{"@type":"WebSite","@id":"https:\/\/admin.industriall-union.org\/#website","url":"https:\/\/admin.industriall-union.org\/","name":"industriall-union","description":"","potentialAction":[{"@type":"SearchAction","target":{"@type":"EntryPoint","urlTemplate":"https:\/\/admin.industriall-union.org\/?s={search_term_string}"},"query-input":{"@type":"PropertyValueSpecification","valueRequired":true,"valueName":"search_term_string"}}],"inLanguage":"es-ES"}]}},"_links":{"self":[{"href":"https:\/\/admin.industriall-union.org\/es\/wp-json\/wp\/v2\/archive_imf\/199066","targetHints":{"allow":["GET"]}}],"collection":[{"href":"https:\/\/admin.industriall-union.org\/es\/wp-json\/wp\/v2\/archive_imf"}],"about":[{"href":"https:\/\/admin.industriall-union.org\/es\/wp-json\/wp\/v2\/types\/archive_imf"}],"wp:attachment":[{"href":"https:\/\/admin.industriall-union.org\/es\/wp-json\/wp\/v2\/media?parent=199066"}],"curies":[{"name":"wp","href":"https:\/\/api.w.org\/{rel}","templated":true}]}}

<p>ALEMANIA: Con un aumento salarial del 4,3 por ciento para 800.000 trabajadores, a partir del 1 de mayo de 2012, IG Metall terminó sus negociaciones a primeras horas del 19 de mayo, tras conversaciones maratonianas y vigorosas huelgas de advertencia de sus miembros. Se trata del mayor aumento salarial en 20 años y supone más del doble de la tasa de inflación, lo que representa una subida salarial real para los trabajadores.</p><p>IG Metall negoció también otras dos cuestiones muy importantes: la regulación del trabajo por agencia y una garantía de empleo para los aprendices.</p><p>Sobre el trabajo por agencia se convino en un verdadero derecho de codeterminación del Comité de Empresa, si el empleador trata de contratar trabajadores por agencia. El Comité de Empresa tiene ahora derecho a objetar el uso del trabajadores por agencia y, en caso de conflicto, el empleador debe que recurrir a los tribunales. La otra opcion de los empleadores ea negociar un acuerdo facultativo sobre los trabajadores por agencia, que incluye la regulación del número de trabajadores por agencia contratados, límites del período de tiempo y acuerdo sobre sueldos. Se espera que la mayoría de los empleadores opten por el acuerdo facultativo que da a los Comités de Empresa un verdadero derecho de codeterminación para restringir el trabajo por agencia y garantizar la igualdad salarial.</p><p>Otro éxito del nuevo acuerdo es que garantiza el empleo de los aprendices. Según el acuerdo, el empleador tiene que convenir con el Comité de Empresa la nueva necesidad de personal y ofrecer luego empleo indefinido al número convenido de aprendices. Otra posibilidad, de no existir ese acuerdo, es que el empleador discuta con el Comité de Empresa la necesidad real de personal seis meses antes de finalizar el aprendizaje, y luego ofrecer al número convenido de aprendices un empleo indefinido, y a los demás ofrecerles un empleo de un año como mínimo. Tres meses antes de finalizar ese período, el empleador ha de negociar de nuevo con el Comité de Empresa si hay necesidad de más personal y, por lo tanto, la oportunidad de ofrecer empleo indefinido a más aprendices.</p>

<!-- This site is optimized with the Yoast SEO Premium plugin v27.1 (Yoast SEO v27.1) - https://yoast.com/product/yoast-seo-premium-wordpress/ -->
<title>IG Metall logra una subida salarial del 4,3 por ciento - industriall-union</title>
<meta name="robots" content="index, follow, max-snippet:-1, max-image-preview:large, max-video-preview:-1" />
<link rel="canonical" href="https://admin.industriall-union.org/es/archive/imf/ig-metall-logra-una-subida-salarial-del-4-3-por-ciento/" />
<meta property="og:locale" content="es_ES" />
<meta property="og:type" content="article" />
<meta property="og:title" content="IG Metall logra una subida salarial del 4,3 por ciento" />
<meta property="og:description" content="ALEMANIA: Con un aumento salarial del 4,3 por ciento para 800.000 trabajadores, a partir del 1 de mayo de 2012, IG Metall terminó sus negociaciones a primeras horas del 19 de mayo, tras conversaciones maratonianas y vigorosas huelgas de advertencia de sus miembros. Se trata del mayor aumento salarial en 20 años y supone más [&hellip;]" />
<meta property="og:url" content="https://admin.industriall-union.org/es/archive/imf/ig-metall-logra-una-subida-salarial-del-4-3-por-ciento/" />
<meta property="og:site_name" content="industriall-union" />
<meta property="article:modified_time" content="2025-01-31T08:28:01+00:00" />
<meta name="twitter:card" content="summary_large_image" />
<meta name="twitter:label1" content="Est. reading time" />
	<meta name="twitter:data1" content="2 minutes" />
<script type="application/ld+json" class="yoast-schema-graph">{"@context":"https://schema.org","@graph":[{"@type":"WebPage","@id":"https://admin.industriall-union.org/es/archive/imf/ig-metall-logra-una-subida-salarial-del-4-3-por-ciento/","url":"https://admin.industriall-union.org/es/archive/imf/ig-metall-logra-una-subida-salarial-del-4-3-por-ciento/","name":"IG Metall logra una subida salarial del 4,3 por ciento - industriall-union","isPartOf":{"@id":"https://admin.industriall-union.org/#website"},"datePublished":"2012-05-21T15:12:00+00:00","dateModified":"2025-01-31T08:28:01+00:00","breadcrumb":{"@id":"https://admin.industriall-union.org/es/archive/imf/ig-metall-logra-una-subida-salarial-del-4-3-por-ciento/#breadcrumb"},"inLanguage":"es-ES","potentialAction":[{"@type":"ReadAction","target":["https://admin.industriall-union.org/es/archive/imf/ig-metall-logra-una-subida-salarial-del-4-3-por-ciento/"]}]},{"@type":"BreadcrumbList","@id":"https://admin.industriall-union.org/es/archive/imf/ig-metall-logra-una-subida-salarial-del-4-3-por-ciento/#breadcrumb","itemListElement":[{"@type":"ListItem","position":1,"name":"Home","item":"https://admin.industriall-union.org/"},{"@type":"ListItem","position":2,"name":"Archive Imf","item":"https://admin.industriall-union.org/es/archive/imf/"},{"@type":"ListItem","position":3,"name":"IG Metall logra una subida salarial del 4,3 por ciento"}]},{"@type":"WebSite","@id":"https://admin.industriall-union.org/#website","url":"https://admin.industriall-union.org/","name":"industriall-union","description":"","potentialAction":[{"@type":"SearchAction","target":{"@type":"EntryPoint","urlTemplate":"https://admin.industriall-union.org/?s={search_term_string}"},"query-input":{"@type":"PropertyValueSpecification","valueRequired":true,"valueName":"search_term_string"}}],"inLanguage":"es-ES"}]}</script>
<!-- / Yoast SEO Premium plugin. -->

ALEMANIA: Con un aumento salarial del 4,3 por ciento para 800.000 trabajadores, a partir del 1 de mayo de 2012, IG Metall terminó sus negociaciones a primeras horas del 19 de mayo, tras conversaciones maratonianas y vigorosas huelgas de advertencia de sus miembros. Se trata del mayor aumento salarial en 20 años y supone más [&hellip;]
