{"id":190669,"date":"2010-03-08T18:23:01","date_gmt":"2010-03-08T18:23:01","guid":{"rendered":"https:\/\/admin.industriall-union.org\/archive\/icem\/brasil-la-cut-marcha-100-kilometros-en-10-dias-en-favor-de-paridad-de-remuneracion-de-la-mujer\/"},"modified":"2025-01-31T15:04:23","modified_gmt":"2025-01-31T15:04:23","slug":"brasil-la-cut-marcha-100-kilometros-en-10-dias-en-favor-de-paridad-de-remuneracion-de-la-mujer","status":"publish","type":"archive_icem","link":"https:\/\/admin.industriall-union.org\/es\/archive\/icem\/brasil-la-cut-marcha-100-kilometros-en-10-dias-en-favor-de-paridad-de-remuneracion-de-la-mujer\/","title":{"rendered":"Brasil: la CUT marcha 100 kil\u00f3metros en 10 d\u00edas en favor de paridad de remuneraci\u00f3n de la mujer"},"content":{"rendered":"<p align=\"center\"><img loading=\"lazy\" decoding=\"async\" src=\"\" width=\"100\" height=\"39\" alt=\"\" \/><\/p>\n<p align=\"justify\">En Brasil, la Central &Uacute;nica dos Trabalhadores (CUT) iniciar&aacute; hoy una marcha que recorrer&aacute; 100 kil&oacute;metros durante 10 d&iacute;as, de Campinas en el estado de S&atilde;o Paulo hasta la misma ciudad de S&atilde;o Paulo, para celebrar el D&iacute;a Internacional de la Mujer. La marcha, cuyo lema es &ldquo;&iexcl;Mujeres en marcha hasta que todas seamos libres!&rdquo;, destacar&aacute; la lucha que contin&uacute;a en favor de derechos comunes y servicios p&uacute;blicos, paz y desmilitarizaci&oacute;n, autonom&iacute;a econ&oacute;mica y fin de la violencia contra la mujer. <br \/>\n<br \/>\nUn objetivo principal de este peregrinaje ser&aacute; la campa&ntilde;a de la CUT en favor de la completa igualdad de remuneraci&oacute;n entre hombres y mujeres. A pesar de que Brasil ha ratificado el Convenio 100 de la OIT sobre igualdad de remuneraci&oacute;n (1951), ese pa&iacute;s sudamericano tiene mucho trecho que andar para lograr paridad salarial. <br \/>\n<\/p>\n<p align=\"center\"><img loading=\"lazy\" decoding=\"async\" alt=\"\" src=\"\" width=\"226\" height=\"233\" \/><\/p>\n<p align=\"justify\">Rosane Da Silva, Secretaria de la Mujer Trabajadora de la CUT, se&ntilde;al&oacute; que todo pa&iacute;s que haya ratificado el Convenio 100 de la OIT debe poner al d&iacute;a sus leyes y pr&aacute;cticas para que se cumplan los art&iacute;culos del Convenio. En el Brasil, como medio para optimizar las subvenciones con el fin de alcanzar ese objetivo, la CUT ha realizado una investigaci&oacute;n a nivel nacional sobre desigualdades salariales. Durante 2010, la central sindical nacional presentar&aacute; esas cifras a las juntas rectoras y empleadores con el fin de lograr que cumplan con el Convenio 100. <br \/>\n<br \/>\nTambi&eacute;n hoy en S&atilde;o Paulo, el Sindicato Nacional dos Papeleiros (SINAP), organizaci&oacute;n del sector de pulpa y papel, afiliada a la ICEM, y que forma parte de la CNQ\/CUT, realizar&aacute; una manifestaci&oacute;n ante la planta de papel Suzano, en la cual se exigir&aacute; igualdad de derechos para la mujer. <\/p>","protected":false},"featured_media":0,"template":"","class_list":["post-190669","archive_icem","type-archive_icem","status-publish","hentry"],"acf":[],"yoast_head":"<!-- This site is optimized with the Yoast SEO Premium plugin v27.1 (Yoast SEO v27.1) - https:\/\/yoast.com\/product\/yoast-seo-premium-wordpress\/ -->\n<title>Brasil: la CUT marcha 100 kil\u00f3metros en 10 d\u00edas en favor de paridad de remuneraci\u00f3n de la mujer - industriall-union<\/title>\n<meta name=\"robots\" content=\"index, follow, max-snippet:-1, max-image-preview:large, max-video-preview:-1\" \/>\n<link rel=\"canonical\" href=\"https:\/\/admin.industriall-union.org\/es\/archive\/icem\/brasil-la-cut-marcha-100-kilometros-en-10-dias-en-favor-de-paridad-de-remuneracion-de-la-mujer\/\" \/>\n<meta property=\"og:locale\" content=\"es_ES\" \/>\n<meta property=\"og:type\" content=\"article\" \/>\n<meta property=\"og:title\" content=\"Brasil: la CUT marcha 100 kil\u00f3metros en 10 d\u00edas en favor de paridad de remuneraci\u00f3n de la mujer\" \/>\n<meta property=\"og:description\" content=\"En Brasil, la Central &Uacute;nica dos Trabalhadores (CUT) iniciar&aacute; hoy una marcha que recorrer&aacute; 100 kil&oacute;metros durante 10 d&iacute;as, de Campinas en el estado de S&atilde;o Paulo hasta la misma ciudad de S&atilde;o Paulo, para celebrar el D&iacute;a Internacional de la Mujer. La marcha, cuyo lema es &ldquo;&iexcl;Mujeres en marcha hasta que todas seamos libres!&rdquo;, [&hellip;]\" \/>\n<meta property=\"og:url\" content=\"https:\/\/admin.industriall-union.org\/es\/archive\/icem\/brasil-la-cut-marcha-100-kilometros-en-10-dias-en-favor-de-paridad-de-remuneracion-de-la-mujer\/\" \/>\n<meta property=\"og:site_name\" content=\"industriall-union\" \/>\n<meta property=\"article:modified_time\" content=\"2025-01-31T15:04:23+00:00\" \/>\n<meta name=\"twitter:card\" content=\"summary_large_image\" \/>\n<meta name=\"twitter:label1\" content=\"Est. reading time\" \/>\n\t<meta name=\"twitter:data1\" content=\"2 minutes\" \/>\n<script type=\"application\/ld+json\" class=\"yoast-schema-graph\">{\"@context\":\"https:\/\/schema.org\",\"@graph\":[{\"@type\":\"WebPage\",\"@id\":\"https:\/\/admin.industriall-union.org\/es\/archive\/icem\/brasil-la-cut-marcha-100-kilometros-en-10-dias-en-favor-de-paridad-de-remuneracion-de-la-mujer\/\",\"url\":\"https:\/\/admin.industriall-union.org\/es\/archive\/icem\/brasil-la-cut-marcha-100-kilometros-en-10-dias-en-favor-de-paridad-de-remuneracion-de-la-mujer\/\",\"name\":\"Brasil: la CUT marcha 100 kil\u00f3metros en 10 d\u00edas en favor de paridad de remuneraci\u00f3n de la mujer - industriall-union\",\"isPartOf\":{\"@id\":\"https:\/\/admin.industriall-union.org\/#website\"},\"datePublished\":\"2010-03-08T18:23:01+00:00\",\"dateModified\":\"2025-01-31T15:04:23+00:00\",\"breadcrumb\":{\"@id\":\"https:\/\/admin.industriall-union.org\/es\/archive\/icem\/brasil-la-cut-marcha-100-kilometros-en-10-dias-en-favor-de-paridad-de-remuneracion-de-la-mujer\/#breadcrumb\"},\"inLanguage\":\"es-ES\",\"potentialAction\":[{\"@type\":\"ReadAction\",\"target\":[\"https:\/\/admin.industriall-union.org\/es\/archive\/icem\/brasil-la-cut-marcha-100-kilometros-en-10-dias-en-favor-de-paridad-de-remuneracion-de-la-mujer\/\"]}]},{\"@type\":\"BreadcrumbList\",\"@id\":\"https:\/\/admin.industriall-union.org\/es\/archive\/icem\/brasil-la-cut-marcha-100-kilometros-en-10-dias-en-favor-de-paridad-de-remuneracion-de-la-mujer\/#breadcrumb\",\"itemListElement\":[{\"@type\":\"ListItem\",\"position\":1,\"name\":\"Home\",\"item\":\"https:\/\/admin.industriall-union.org\/\"},{\"@type\":\"ListItem\",\"position\":2,\"name\":\"Archive icem\",\"item\":\"https:\/\/admin.industriall-union.org\/archive\/icem\/\"},{\"@type\":\"ListItem\",\"position\":3,\"name\":\"Brasil: la CUT marcha 100 kil\u00f3metros en 10 d\u00edas en favor de paridad de remuneraci\u00f3n de la mujer\"}]},{\"@type\":\"WebSite\",\"@id\":\"https:\/\/admin.industriall-union.org\/#website\",\"url\":\"https:\/\/admin.industriall-union.org\/\",\"name\":\"industriall-union\",\"description\":\"\",\"potentialAction\":[{\"@type\":\"SearchAction\",\"target\":{\"@type\":\"EntryPoint\",\"urlTemplate\":\"https:\/\/admin.industriall-union.org\/?s={search_term_string}\"},\"query-input\":{\"@type\":\"PropertyValueSpecification\",\"valueRequired\":true,\"valueName\":\"search_term_string\"}}],\"inLanguage\":\"es-ES\"}]}<\/script>\n<!-- \/ Yoast SEO Premium plugin. -->","yoast_head_json":{"title":"Brasil: la CUT marcha 100 kil\u00f3metros en 10 d\u00edas en favor de paridad de remuneraci\u00f3n de la mujer - industriall-union","robots":{"index":"index","follow":"follow","max-snippet":"max-snippet:-1","max-image-preview":"max-image-preview:large","max-video-preview":"max-video-preview:-1"},"canonical":"https:\/\/admin.industriall-union.org\/es\/archive\/icem\/brasil-la-cut-marcha-100-kilometros-en-10-dias-en-favor-de-paridad-de-remuneracion-de-la-mujer\/","og_locale":"es_ES","og_type":"article","og_title":"Brasil: la CUT marcha 100 kil\u00f3metros en 10 d\u00edas en favor de paridad de remuneraci\u00f3n de la mujer","og_description":"En Brasil, la Central &Uacute;nica dos Trabalhadores (CUT) iniciar&aacute; hoy una marcha que recorrer&aacute; 100 kil&oacute;metros durante 10 d&iacute;as, de Campinas en el estado de S&atilde;o Paulo hasta la misma ciudad de S&atilde;o Paulo, para celebrar el D&iacute;a Internacional de la Mujer. La marcha, cuyo lema es &ldquo;&iexcl;Mujeres en marcha hasta que todas seamos libres!&rdquo;, [&hellip;]","og_url":"https:\/\/admin.industriall-union.org\/es\/archive\/icem\/brasil-la-cut-marcha-100-kilometros-en-10-dias-en-favor-de-paridad-de-remuneracion-de-la-mujer\/","og_site_name":"industriall-union","article_modified_time":"2025-01-31T15:04:23+00:00","twitter_card":"summary_large_image","twitter_misc":{"Est. reading time":"2 minutes"},"schema":{"@context":"https:\/\/schema.org","@graph":[{"@type":"WebPage","@id":"https:\/\/admin.industriall-union.org\/es\/archive\/icem\/brasil-la-cut-marcha-100-kilometros-en-10-dias-en-favor-de-paridad-de-remuneracion-de-la-mujer\/","url":"https:\/\/admin.industriall-union.org\/es\/archive\/icem\/brasil-la-cut-marcha-100-kilometros-en-10-dias-en-favor-de-paridad-de-remuneracion-de-la-mujer\/","name":"Brasil: la CUT marcha 100 kil\u00f3metros en 10 d\u00edas en favor de paridad de remuneraci\u00f3n de la mujer - industriall-union","isPartOf":{"@id":"https:\/\/admin.industriall-union.org\/#website"},"datePublished":"2010-03-08T18:23:01+00:00","dateModified":"2025-01-31T15:04:23+00:00","breadcrumb":{"@id":"https:\/\/admin.industriall-union.org\/es\/archive\/icem\/brasil-la-cut-marcha-100-kilometros-en-10-dias-en-favor-de-paridad-de-remuneracion-de-la-mujer\/#breadcrumb"},"inLanguage":"es-ES","potentialAction":[{"@type":"ReadAction","target":["https:\/\/admin.industriall-union.org\/es\/archive\/icem\/brasil-la-cut-marcha-100-kilometros-en-10-dias-en-favor-de-paridad-de-remuneracion-de-la-mujer\/"]}]},{"@type":"BreadcrumbList","@id":"https:\/\/admin.industriall-union.org\/es\/archive\/icem\/brasil-la-cut-marcha-100-kilometros-en-10-dias-en-favor-de-paridad-de-remuneracion-de-la-mujer\/#breadcrumb","itemListElement":[{"@type":"ListItem","position":1,"name":"Home","item":"https:\/\/admin.industriall-union.org\/"},{"@type":"ListItem","position":2,"name":"Archive icem","item":"https:\/\/admin.industriall-union.org\/archive\/icem\/"},{"@type":"ListItem","position":3,"name":"Brasil: la CUT marcha 100 kil\u00f3metros en 10 d\u00edas en favor de paridad de remuneraci\u00f3n de la mujer"}]},{"@type":"WebSite","@id":"https:\/\/admin.industriall-union.org\/#website","url":"https:\/\/admin.industriall-union.org\/","name":"industriall-union","description":"","potentialAction":[{"@type":"SearchAction","target":{"@type":"EntryPoint","urlTemplate":"https:\/\/admin.industriall-union.org\/?s={search_term_string}"},"query-input":{"@type":"PropertyValueSpecification","valueRequired":true,"valueName":"search_term_string"}}],"inLanguage":"es-ES"}]}},"_links":{"self":[{"href":"https:\/\/admin.industriall-union.org\/es\/wp-json\/wp\/v2\/archive_icem\/190669","targetHints":{"allow":["GET"]}}],"collection":[{"href":"https:\/\/admin.industriall-union.org\/es\/wp-json\/wp\/v2\/archive_icem"}],"about":[{"href":"https:\/\/admin.industriall-union.org\/es\/wp-json\/wp\/v2\/types\/archive_icem"}],"wp:attachment":[{"href":"https:\/\/admin.industriall-union.org\/es\/wp-json\/wp\/v2\/media?parent=190669"}],"curies":[{"name":"wp","href":"https:\/\/api.w.org\/{rel}","templated":true}]}}

Brasil: la CUT marcha 100 kilómetros en 10 días en favor de paridad de remuneración de la mujer

<!-- This site is optimized with the Yoast SEO Premium plugin v27.1 (Yoast SEO v27.1) - https://yoast.com/product/yoast-seo-premium-wordpress/ -->
<title>Brasil: la CUT marcha 100 kilómetros en 10 días en favor de paridad de remuneración de la mujer - industriall-union</title>
<meta name="robots" content="index, follow, max-snippet:-1, max-image-preview:large, max-video-preview:-1" />
<link rel="canonical" href="https://admin.industriall-union.org/es/archive/icem/brasil-la-cut-marcha-100-kilometros-en-10-dias-en-favor-de-paridad-de-remuneracion-de-la-mujer/" />
<meta property="og:locale" content="es_ES" />
<meta property="og:type" content="article" />
<meta property="og:title" content="Brasil: la CUT marcha 100 kilómetros en 10 días en favor de paridad de remuneración de la mujer" />
<meta property="og:description" content="En Brasil, la Central &Uacute;nica dos Trabalhadores (CUT) iniciar&aacute; hoy una marcha que recorrer&aacute; 100 kil&oacute;metros durante 10 d&iacute;as, de Campinas en el estado de S&atilde;o Paulo hasta la misma ciudad de S&atilde;o Paulo, para celebrar el D&iacute;a Internacional de la Mujer. La marcha, cuyo lema es &ldquo;&iexcl;Mujeres en marcha hasta que todas seamos libres!&rdquo;, [&hellip;]" />
<meta property="og:url" content="https://admin.industriall-union.org/es/archive/icem/brasil-la-cut-marcha-100-kilometros-en-10-dias-en-favor-de-paridad-de-remuneracion-de-la-mujer/" />
<meta property="og:site_name" content="industriall-union" />
<meta property="article:modified_time" content="2025-01-31T15:04:23+00:00" />
<meta name="twitter:card" content="summary_large_image" />
<meta name="twitter:label1" content="Est. reading time" />
	<meta name="twitter:data1" content="2 minutes" />
<script type="application/ld+json" class="yoast-schema-graph">{"@context":"https://schema.org","@graph":[{"@type":"WebPage","@id":"https://admin.industriall-union.org/es/archive/icem/brasil-la-cut-marcha-100-kilometros-en-10-dias-en-favor-de-paridad-de-remuneracion-de-la-mujer/","url":"https://admin.industriall-union.org/es/archive/icem/brasil-la-cut-marcha-100-kilometros-en-10-dias-en-favor-de-paridad-de-remuneracion-de-la-mujer/","name":"Brasil: la CUT marcha 100 kilómetros en 10 días en favor de paridad de remuneración de la mujer - industriall-union","isPartOf":{"@id":"https://admin.industriall-union.org/#website"},"datePublished":"2010-03-08T18:23:01+00:00","dateModified":"2025-01-31T15:04:23+00:00","breadcrumb":{"@id":"https://admin.industriall-union.org/es/archive/icem/brasil-la-cut-marcha-100-kilometros-en-10-dias-en-favor-de-paridad-de-remuneracion-de-la-mujer/#breadcrumb"},"inLanguage":"es-ES","potentialAction":[{"@type":"ReadAction","target":["https://admin.industriall-union.org/es/archive/icem/brasil-la-cut-marcha-100-kilometros-en-10-dias-en-favor-de-paridad-de-remuneracion-de-la-mujer/"]}]},{"@type":"BreadcrumbList","@id":"https://admin.industriall-union.org/es/archive/icem/brasil-la-cut-marcha-100-kilometros-en-10-dias-en-favor-de-paridad-de-remuneracion-de-la-mujer/#breadcrumb","itemListElement":[{"@type":"ListItem","position":1,"name":"Home","item":"https://admin.industriall-union.org/"},{"@type":"ListItem","position":2,"name":"Archive icem","item":"https://admin.industriall-union.org/archive/icem/"},{"@type":"ListItem","position":3,"name":"Brasil: la CUT marcha 100 kilómetros en 10 días en favor de paridad de remuneración de la mujer"}]},{"@type":"WebSite","@id":"https://admin.industriall-union.org/#website","url":"https://admin.industriall-union.org/","name":"industriall-union","description":"","potentialAction":[{"@type":"SearchAction","target":{"@type":"EntryPoint","urlTemplate":"https://admin.industriall-union.org/?s={search_term_string}"},"query-input":{"@type":"PropertyValueSpecification","valueRequired":true,"valueName":"search_term_string"}}],"inLanguage":"es-ES"}]}</script>
<!-- / Yoast SEO Premium plugin. -->

Brasil: la CUT marcha 100 kilómetros en 10 días en favor de paridad de remuneración de la mujer - industriall-union
