{"id":190059,"date":"2010-04-05T15:08:08","date_gmt":"2010-04-05T15:08:08","guid":{"rendered":"https:\/\/admin.industriall-union.org\/archive\/icem\/establecen-organizacion-de-cooperacion-euro-mediterranea\/"},"modified":"2025-01-31T15:01:36","modified_gmt":"2025-01-31T15:01:36","slug":"establecen-organizacion-de-cooperacion-euro-mediterranea","status":"publish","type":"archive_icem","link":"https:\/\/admin.industriall-union.org\/es\/archive\/icem\/establecen-organizacion-de-cooperacion-euro-mediterranea\/","title":{"rendered":"Establecen Organizaci\u00f3n de Cooperaci\u00f3n Euro-Mediterr\u00e1nea"},"content":{"rendered":"<p align=\"center\"><img loading=\"lazy\" decoding=\"async\" src=\"\" width=\"100\" height=\"39\" alt=\"\" \/><\/p>\n<p align=\"justify\">La FCE-CFDT de Francia, FIA-UGT de Espa&ntilde;a, y la FEMCA-CISL de Italia han establecido una entidad conjunta llamada la Association Pour L&rsquo;Europe Solidaire et Pour la Coop&eacute;ration Mediterranean, o la Association of Solidarity Europe and Mediterranean Cooperation (AESCOOMED). La nueva organizaci&oacute;n tiene como fin desarrollar una visi&oacute;n europea com&uacute;n, e intercambiar informaci&oacute;n entre los sindicatos sobre cuestiones econ&oacute;micas, sociales, ambientales, negociaci&oacute;n colectiva, relaciones industriales y plataformas comunes de di&aacute;logo social. <br \/>\n<br \/>\nLa idea de AESCOOMED es desarrollar trabajo com&uacute;n sobre los Comit&eacute;s de Empresa Europeos, y promover la consultaci&oacute;n y participaci&oacute;n de los trabajadores de los sindicatos miembros, como as&iacute; tambi&eacute;n promover la cooperaci&oacute;n con los pa&iacute;ses de la regi&oacute;n del Mediterr&aacute;neo. <\/p>\n<p align=\"center\"><img loading=\"lazy\" decoding=\"async\" alt=\"\" src=\"\" width=\"100\" height=\"93\" \/>&nbsp;&nbsp; <img loading=\"lazy\" decoding=\"async\" alt=\"\" src=\"\" width=\"100\" height=\"85\" \/>&nbsp;&nbsp; <img loading=\"lazy\" decoding=\"async\" alt=\"\" src=\"\" width=\"90\" height=\"90\" \/><\/p>\n<p align=\"justify\">La nueva organizaci&oacute;n realiz&oacute; su primera Conferencia en Barcelona, del 8 al 9 de marzo de 2010, con el t&iacute;tulo &ldquo;Energ&iacute;a, Pol&iacute;tica Industrial y Di&aacute;logo Social en el Mediterr&aacute;neo&rdquo;. En estas reuniones iniciales, donde estuvo presente la ICEM, los sindicatos de siete pa&iacute;ses, incluyendo B&eacute;lgica, Francia, Italia, Portugal, Espa&ntilde;a, T&uacute;nez y Turqu&iacute;a, debatieron cuestiones laborales y energ&eacute;ticas en la regi&oacute;n. <br \/>\n<br \/>\nSe debatieron cuestiones de la seguridad de suministro y las condiciones energ&eacute;ticas del desarrollo, y su impacto ambiental en el &aacute;rea mediterr&aacute;nea. Se reconoci&oacute; que el medio ambiente es fr&aacute;gil y que se est&aacute; deteriorando, de modo que la protecci&oacute;n y mejoramiento de los ecosistemas se ha convertido en una cuesti&oacute;n clave en la regi&oacute;n euro-mediterr&aacute;nea, especialmente en vista de la nueva din&aacute;mica industrial. Esta cooperaci&oacute;n euro-mediterr&aacute;nea incluye cuestiones de la escasez y la calidad del agua, la reforma de normas ambientales, mejorar la infraestructura, y conservar el medio ambiente. <br \/>\n<\/p>\n<p align=\"center\"><img loading=\"lazy\" decoding=\"async\" alt=\"\" src=\"\" width=\"226\" height=\"79\" \/><\/p>\n<p align=\"justify\">La ICEM recibi&oacute; una invitaci&oacute;n para asistir a la Conferencia de dos d&iacute;as, y estuvo representada por Kemal &Ouml;zkan, Encargado de los Sectores del Caucho y de la Qu&iacute;mica. Ofreci&oacute; una ponencia sobre las actividades que realiza la ICEM respecto al di&aacute;logo social a nivel internacional, y el desarrollo sindical y actividades de apoyo sindical en la regi&oacute;n del Medio Oriente y &Aacute;frica del Norte. <br \/>\n<br \/>\nEn conclusi&oacute;n, todos los participantes acogieron con agrado la iniciativa AESCOOMED, y pudieron observar la importancia de la solidaridad internacional entre trabajadores. <\/p>","protected":false},"featured_media":0,"template":"","class_list":["post-190059","archive_icem","type-archive_icem","status-publish","hentry"],"acf":[],"yoast_head":"<!-- This site is optimized with the Yoast SEO Premium plugin v27.1 (Yoast SEO v27.1) - https:\/\/yoast.com\/product\/yoast-seo-premium-wordpress\/ -->\n<title>Establecen Organizaci\u00f3n de Cooperaci\u00f3n Euro-Mediterr\u00e1nea - industriall-union<\/title>\n<meta name=\"robots\" content=\"index, follow, max-snippet:-1, max-image-preview:large, max-video-preview:-1\" \/>\n<link rel=\"canonical\" href=\"https:\/\/admin.industriall-union.org\/es\/archive\/icem\/establecen-organizacion-de-cooperacion-euro-mediterranea\/\" \/>\n<meta property=\"og:locale\" content=\"es_ES\" \/>\n<meta property=\"og:type\" content=\"article\" \/>\n<meta property=\"og:title\" content=\"Establecen Organizaci\u00f3n de Cooperaci\u00f3n Euro-Mediterr\u00e1nea\" \/>\n<meta property=\"og:description\" content=\"La FCE-CFDT de Francia, FIA-UGT de Espa&ntilde;a, y la FEMCA-CISL de Italia han establecido una entidad conjunta llamada la Association Pour L&rsquo;Europe Solidaire et Pour la Coop&eacute;ration Mediterranean, o la Association of Solidarity Europe and Mediterranean Cooperation (AESCOOMED). La nueva organizaci&oacute;n tiene como fin desarrollar una visi&oacute;n europea com&uacute;n, e intercambiar informaci&oacute;n entre los sindicatos [&hellip;]\" \/>\n<meta property=\"og:url\" content=\"https:\/\/admin.industriall-union.org\/es\/archive\/icem\/establecen-organizacion-de-cooperacion-euro-mediterranea\/\" \/>\n<meta property=\"og:site_name\" content=\"industriall-union\" \/>\n<meta property=\"article:modified_time\" content=\"2025-01-31T15:01:36+00:00\" \/>\n<meta name=\"twitter:card\" content=\"summary_large_image\" \/>\n<meta name=\"twitter:label1\" content=\"Est. reading time\" \/>\n\t<meta name=\"twitter:data1\" content=\"2 minutes\" \/>\n<script type=\"application\/ld+json\" class=\"yoast-schema-graph\">{\"@context\":\"https:\/\/schema.org\",\"@graph\":[{\"@type\":\"WebPage\",\"@id\":\"https:\/\/admin.industriall-union.org\/es\/archive\/icem\/establecen-organizacion-de-cooperacion-euro-mediterranea\/\",\"url\":\"https:\/\/admin.industriall-union.org\/es\/archive\/icem\/establecen-organizacion-de-cooperacion-euro-mediterranea\/\",\"name\":\"Establecen Organizaci\u00f3n de Cooperaci\u00f3n Euro-Mediterr\u00e1nea - industriall-union\",\"isPartOf\":{\"@id\":\"https:\/\/admin.industriall-union.org\/#website\"},\"datePublished\":\"2010-04-05T15:08:08+00:00\",\"dateModified\":\"2025-01-31T15:01:36+00:00\",\"breadcrumb\":{\"@id\":\"https:\/\/admin.industriall-union.org\/es\/archive\/icem\/establecen-organizacion-de-cooperacion-euro-mediterranea\/#breadcrumb\"},\"inLanguage\":\"es-ES\",\"potentialAction\":[{\"@type\":\"ReadAction\",\"target\":[\"https:\/\/admin.industriall-union.org\/es\/archive\/icem\/establecen-organizacion-de-cooperacion-euro-mediterranea\/\"]}]},{\"@type\":\"BreadcrumbList\",\"@id\":\"https:\/\/admin.industriall-union.org\/es\/archive\/icem\/establecen-organizacion-de-cooperacion-euro-mediterranea\/#breadcrumb\",\"itemListElement\":[{\"@type\":\"ListItem\",\"position\":1,\"name\":\"Home\",\"item\":\"https:\/\/admin.industriall-union.org\/\"},{\"@type\":\"ListItem\",\"position\":2,\"name\":\"Archive icem\",\"item\":\"https:\/\/admin.industriall-union.org\/archive\/icem\/\"},{\"@type\":\"ListItem\",\"position\":3,\"name\":\"Establecen Organizaci\u00f3n de Cooperaci\u00f3n Euro-Mediterr\u00e1nea\"}]},{\"@type\":\"WebSite\",\"@id\":\"https:\/\/admin.industriall-union.org\/#website\",\"url\":\"https:\/\/admin.industriall-union.org\/\",\"name\":\"industriall-union\",\"description\":\"\",\"potentialAction\":[{\"@type\":\"SearchAction\",\"target\":{\"@type\":\"EntryPoint\",\"urlTemplate\":\"https:\/\/admin.industriall-union.org\/?s={search_term_string}\"},\"query-input\":{\"@type\":\"PropertyValueSpecification\",\"valueRequired\":true,\"valueName\":\"search_term_string\"}}],\"inLanguage\":\"es-ES\"}]}<\/script>\n<!-- \/ Yoast SEO Premium plugin. -->","yoast_head_json":{"title":"Establecen Organizaci\u00f3n de Cooperaci\u00f3n Euro-Mediterr\u00e1nea - industriall-union","robots":{"index":"index","follow":"follow","max-snippet":"max-snippet:-1","max-image-preview":"max-image-preview:large","max-video-preview":"max-video-preview:-1"},"canonical":"https:\/\/admin.industriall-union.org\/es\/archive\/icem\/establecen-organizacion-de-cooperacion-euro-mediterranea\/","og_locale":"es_ES","og_type":"article","og_title":"Establecen Organizaci\u00f3n de Cooperaci\u00f3n Euro-Mediterr\u00e1nea","og_description":"La FCE-CFDT de Francia, FIA-UGT de Espa&ntilde;a, y la FEMCA-CISL de Italia han establecido una entidad conjunta llamada la Association Pour L&rsquo;Europe Solidaire et Pour la Coop&eacute;ration Mediterranean, o la Association of Solidarity Europe and Mediterranean Cooperation (AESCOOMED). La nueva organizaci&oacute;n tiene como fin desarrollar una visi&oacute;n europea com&uacute;n, e intercambiar informaci&oacute;n entre los sindicatos [&hellip;]","og_url":"https:\/\/admin.industriall-union.org\/es\/archive\/icem\/establecen-organizacion-de-cooperacion-euro-mediterranea\/","og_site_name":"industriall-union","article_modified_time":"2025-01-31T15:01:36+00:00","twitter_card":"summary_large_image","twitter_misc":{"Est. reading time":"2 minutes"},"schema":{"@context":"https:\/\/schema.org","@graph":[{"@type":"WebPage","@id":"https:\/\/admin.industriall-union.org\/es\/archive\/icem\/establecen-organizacion-de-cooperacion-euro-mediterranea\/","url":"https:\/\/admin.industriall-union.org\/es\/archive\/icem\/establecen-organizacion-de-cooperacion-euro-mediterranea\/","name":"Establecen Organizaci\u00f3n de Cooperaci\u00f3n Euro-Mediterr\u00e1nea - industriall-union","isPartOf":{"@id":"https:\/\/admin.industriall-union.org\/#website"},"datePublished":"2010-04-05T15:08:08+00:00","dateModified":"2025-01-31T15:01:36+00:00","breadcrumb":{"@id":"https:\/\/admin.industriall-union.org\/es\/archive\/icem\/establecen-organizacion-de-cooperacion-euro-mediterranea\/#breadcrumb"},"inLanguage":"es-ES","potentialAction":[{"@type":"ReadAction","target":["https:\/\/admin.industriall-union.org\/es\/archive\/icem\/establecen-organizacion-de-cooperacion-euro-mediterranea\/"]}]},{"@type":"BreadcrumbList","@id":"https:\/\/admin.industriall-union.org\/es\/archive\/icem\/establecen-organizacion-de-cooperacion-euro-mediterranea\/#breadcrumb","itemListElement":[{"@type":"ListItem","position":1,"name":"Home","item":"https:\/\/admin.industriall-union.org\/"},{"@type":"ListItem","position":2,"name":"Archive icem","item":"https:\/\/admin.industriall-union.org\/archive\/icem\/"},{"@type":"ListItem","position":3,"name":"Establecen Organizaci\u00f3n de Cooperaci\u00f3n Euro-Mediterr\u00e1nea"}]},{"@type":"WebSite","@id":"https:\/\/admin.industriall-union.org\/#website","url":"https:\/\/admin.industriall-union.org\/","name":"industriall-union","description":"","potentialAction":[{"@type":"SearchAction","target":{"@type":"EntryPoint","urlTemplate":"https:\/\/admin.industriall-union.org\/?s={search_term_string}"},"query-input":{"@type":"PropertyValueSpecification","valueRequired":true,"valueName":"search_term_string"}}],"inLanguage":"es-ES"}]}},"_links":{"self":[{"href":"https:\/\/admin.industriall-union.org\/es\/wp-json\/wp\/v2\/archive_icem\/190059","targetHints":{"allow":["GET"]}}],"collection":[{"href":"https:\/\/admin.industriall-union.org\/es\/wp-json\/wp\/v2\/archive_icem"}],"about":[{"href":"https:\/\/admin.industriall-union.org\/es\/wp-json\/wp\/v2\/types\/archive_icem"}],"wp:attachment":[{"href":"https:\/\/admin.industriall-union.org\/es\/wp-json\/wp\/v2\/media?parent=190059"}],"curies":[{"name":"wp","href":"https:\/\/api.w.org\/{rel}","templated":true}]}}

Establecen Organización de Cooperación Euro-Mediterránea

<!-- This site is optimized with the Yoast SEO Premium plugin v27.1 (Yoast SEO v27.1) - https://yoast.com/product/yoast-seo-premium-wordpress/ -->
<title>Establecen Organización de Cooperación Euro-Mediterránea - industriall-union</title>
<meta name="robots" content="index, follow, max-snippet:-1, max-image-preview:large, max-video-preview:-1" />
<link rel="canonical" href="https://admin.industriall-union.org/es/archive/icem/establecen-organizacion-de-cooperacion-euro-mediterranea/" />
<meta property="og:locale" content="es_ES" />
<meta property="og:type" content="article" />
<meta property="og:title" content="Establecen Organización de Cooperación Euro-Mediterránea" />
<meta property="og:description" content="La FCE-CFDT de Francia, FIA-UGT de Espa&ntilde;a, y la FEMCA-CISL de Italia han establecido una entidad conjunta llamada la Association Pour L&rsquo;Europe Solidaire et Pour la Coop&eacute;ration Mediterranean, o la Association of Solidarity Europe and Mediterranean Cooperation (AESCOOMED). La nueva organizaci&oacute;n tiene como fin desarrollar una visi&oacute;n europea com&uacute;n, e intercambiar informaci&oacute;n entre los sindicatos [&hellip;]" />
<meta property="og:url" content="https://admin.industriall-union.org/es/archive/icem/establecen-organizacion-de-cooperacion-euro-mediterranea/" />
<meta property="og:site_name" content="industriall-union" />
<meta property="article:modified_time" content="2025-01-31T15:01:36+00:00" />
<meta name="twitter:card" content="summary_large_image" />
<meta name="twitter:label1" content="Est. reading time" />
	<meta name="twitter:data1" content="2 minutes" />
<script type="application/ld+json" class="yoast-schema-graph">{"@context":"https://schema.org","@graph":[{"@type":"WebPage","@id":"https://admin.industriall-union.org/es/archive/icem/establecen-organizacion-de-cooperacion-euro-mediterranea/","url":"https://admin.industriall-union.org/es/archive/icem/establecen-organizacion-de-cooperacion-euro-mediterranea/","name":"Establecen Organización de Cooperación Euro-Mediterránea - industriall-union","isPartOf":{"@id":"https://admin.industriall-union.org/#website"},"datePublished":"2010-04-05T15:08:08+00:00","dateModified":"2025-01-31T15:01:36+00:00","breadcrumb":{"@id":"https://admin.industriall-union.org/es/archive/icem/establecen-organizacion-de-cooperacion-euro-mediterranea/#breadcrumb"},"inLanguage":"es-ES","potentialAction":[{"@type":"ReadAction","target":["https://admin.industriall-union.org/es/archive/icem/establecen-organizacion-de-cooperacion-euro-mediterranea/"]}]},{"@type":"BreadcrumbList","@id":"https://admin.industriall-union.org/es/archive/icem/establecen-organizacion-de-cooperacion-euro-mediterranea/#breadcrumb","itemListElement":[{"@type":"ListItem","position":1,"name":"Home","item":"https://admin.industriall-union.org/"},{"@type":"ListItem","position":2,"name":"Archive icem","item":"https://admin.industriall-union.org/archive/icem/"},{"@type":"ListItem","position":3,"name":"Establecen Organización de Cooperación Euro-Mediterránea"}]},{"@type":"WebSite","@id":"https://admin.industriall-union.org/#website","url":"https://admin.industriall-union.org/","name":"industriall-union","description":"","potentialAction":[{"@type":"SearchAction","target":{"@type":"EntryPoint","urlTemplate":"https://admin.industriall-union.org/?s={search_term_string}"},"query-input":{"@type":"PropertyValueSpecification","valueRequired":true,"valueName":"search_term_string"}}],"inLanguage":"es-ES"}]}</script>
<!-- / Yoast SEO Premium plugin. -->

Establecen Organización de Cooperación Euro-Mediterránea - industriall-union
