{"id":176230,"date":"2012-05-16T16:11:49","date_gmt":"2012-05-16T16:11:49","guid":{"rendered":"https:\/\/admin.industriall-union.org\/archive\/icem\/continua-campana-internacional-para-sacar-del-podio-olimpico-a-rio-tinto\/"},"modified":"2025-01-31T13:59:41","modified_gmt":"2025-01-31T13:59:41","slug":"continua-campana-internacional-para-sacar-del-podio-olimpico-a-rio-tinto","status":"publish","type":"archive_icem","link":"https:\/\/admin.industriall-union.org\/es\/archive\/icem\/continua-campana-internacional-para-sacar-del-podio-olimpico-a-rio-tinto\/","title":{"rendered":"Contin\u00faa campa\u00f1a internacional para sacar del podio ol\u00edmpico a Rio Tinto"},"content":{"rendered":"<p style=\"text-align: center\">\n\t<img decoding=\"async\" alt=\"\" src=\"\" style=\"width: 100px;height: 39px\" width=\"390\" \/><span>&nbsp;<\/span><\/p>\n<p style=\"text-align: justify\">\n\tEn esta &uacute;ltima semana, se han registrado nuevas protestas sindicales en Australia y Suiza contra Rio Tinto, empresa que viola los derechos sindicales, por su mal trato de 780 trabajadores sider&uacute;rgicos canadienses en Alma, Qu&eacute;bec. Las protestas de Australia y Suiza volvieron a suscitar publicidad a nivel internacional, como parte de la campa&ntilde;a para sacar del podio las medallas contaminadas de Rio Tinto en las Olimp&iacute;adas de Londres.<\/p>\n<p style=\"text-align: justify\">\n\tEn la Junta Anual de Accionistas de la gran empresa minera, que se llev&oacute; a cabo el 10 de mayo en Brisbane, Australia, se registraron fuertes manifestaciones que denunciaban el cierre patronal de Alma y una serie de infracciones laborales y ambientales cometidas por Rio Tinto en todo el mundo.<\/p>\n<p style=\"text-align: justify\">\n\tComo la compa&ntilde;&iacute;a pronto va a recibir reconocimiento mundial a trav&eacute;s de los Juegos Ol&iacute;mpicos de Londres, vinculando el conglomerado p&uacute;blicamente a los altos ideales de los Juegos mediante la producci&oacute;n de medallas para los atletas ganadores, los sindicatos de todo el mundo se est&aacute;n uniendo para denunciar el hecho de que los Juegos Ol&iacute;mpicos se mancillar&aacute;n con una empresa que viola los derechos fundamentales de sus empleados.<\/p>\n<p style=\"text-align: center\">\n\t<span>&nbsp;<\/span><img decoding=\"async\" alt=\"\" src=\"\" style=\"width: 247px;height: 160px\" width=\"390\" \/><span>&nbsp;<\/span><\/p>\n<p style=\"text-align: justify\">\n\tEl cierre patronal de cuatro meses sigue en Alma, donde los miembros del sindicato United Steelworkers (USW), rechazaron los intentos de reducir los sueldos a la mitad mediante la subcontrataci&oacute;n de la mano de obra.<\/p>\n<p style=\"text-align: justify\">\n\tEl 14 de mayo, la ICEM y la Federaci&oacute;n Internacional de Trabajadores de las Industrias Metal&uacute;rgicas (FITIM) se unieron con su afiliada suiza UNIA en una en&eacute;rgica protesta que se llev&oacute; a cabo frente a la sede del Comit&eacute; Ol&iacute;mpico Internacional (IOC) en Lausanne, Suiza. Aunque anteriormente el IOC hab&iacute;a respondido por escrito diciendo que la responsabilidad de contratar a Rio Tinto era del Comit&eacute; Organizador de los Juegos Ol&iacute;mpicos de Londres (LOCOG), el director de la Oficina del Presidente del IOC reconoci&oacute; la responsabilidad de esa organizaci&oacute;n cuando se comunicaron con &eacute;l Jyrki Raina, Secretario General de la FITIM, y Kemal Ozkan, Director de Industria y Asuntos Corporativos de la ICEM. .<\/p>\n<p style=\"text-align: justify\">\n\tLos dirigentes sindicales rechazaron la respuesta escrita del IOC, e hicieron un llamado para que el IOC reestudiara el asunto, con el fin de procurar que se respeten las altas normas de las Olimp&iacute;adas, sacando de la tribuna de la victoria las medallas fabricadas por Rio Tinto.<\/p>\n<p style=\"text-align: justify\">\n\tEl 10 de mayo, la FITIM y la ICEM presentaron a LOCOG una segunda denuncia contra R&iacute;o Tinto instando a las comisiones para que no recurran a la gran empresa Rio Tinto como proveedor oficial de los Juegos de 2012 en Londres, debido al trato que ha dado esa empresa a los trabajadores de Alma, Quebec.<\/p>\n","protected":false},"featured_media":0,"template":"","class_list":["post-176230","archive_icem","type-archive_icem","status-publish","hentry"],"acf":[],"yoast_head":"<!-- This site is optimized with the Yoast SEO Premium plugin v27.1 (Yoast SEO v27.1) - https:\/\/yoast.com\/product\/yoast-seo-premium-wordpress\/ -->\n<title>Contin\u00faa campa\u00f1a internacional para sacar del podio ol\u00edmpico a Rio Tinto - industriall-union<\/title>\n<meta name=\"robots\" content=\"index, follow, max-snippet:-1, max-image-preview:large, max-video-preview:-1\" \/>\n<link rel=\"canonical\" href=\"https:\/\/admin.industriall-union.org\/es\/archive\/icem\/continua-campana-internacional-para-sacar-del-podio-olimpico-a-rio-tinto\/\" \/>\n<meta property=\"og:locale\" content=\"es_ES\" \/>\n<meta property=\"og:type\" content=\"article\" \/>\n<meta property=\"og:title\" content=\"Contin\u00faa campa\u00f1a internacional para sacar del podio ol\u00edmpico a Rio Tinto\" \/>\n<meta property=\"og:description\" content=\"&nbsp; En esta &uacute;ltima semana, se han registrado nuevas protestas sindicales en Australia y Suiza contra Rio Tinto, empresa que viola los derechos sindicales, por su mal trato de 780 trabajadores sider&uacute;rgicos canadienses en Alma, Qu&eacute;bec. Las protestas de Australia y Suiza volvieron a suscitar publicidad a nivel internacional, como parte de la campa&ntilde;a para [&hellip;]\" \/>\n<meta property=\"og:url\" content=\"https:\/\/admin.industriall-union.org\/es\/archive\/icem\/continua-campana-internacional-para-sacar-del-podio-olimpico-a-rio-tinto\/\" \/>\n<meta property=\"og:site_name\" content=\"industriall-union\" \/>\n<meta property=\"article:modified_time\" content=\"2025-01-31T13:59:41+00:00\" \/>\n<meta name=\"twitter:card\" content=\"summary_large_image\" \/>\n<meta name=\"twitter:label1\" content=\"Est. reading time\" \/>\n\t<meta name=\"twitter:data1\" content=\"2 minutes\" \/>\n<script type=\"application\/ld+json\" class=\"yoast-schema-graph\">{\"@context\":\"https:\/\/schema.org\",\"@graph\":[{\"@type\":\"WebPage\",\"@id\":\"https:\/\/admin.industriall-union.org\/es\/archive\/icem\/continua-campana-internacional-para-sacar-del-podio-olimpico-a-rio-tinto\/\",\"url\":\"https:\/\/admin.industriall-union.org\/es\/archive\/icem\/continua-campana-internacional-para-sacar-del-podio-olimpico-a-rio-tinto\/\",\"name\":\"Contin\u00faa campa\u00f1a internacional para sacar del podio ol\u00edmpico a Rio Tinto - industriall-union\",\"isPartOf\":{\"@id\":\"https:\/\/admin.industriall-union.org\/#website\"},\"datePublished\":\"2012-05-16T16:11:49+00:00\",\"dateModified\":\"2025-01-31T13:59:41+00:00\",\"breadcrumb\":{\"@id\":\"https:\/\/admin.industriall-union.org\/es\/archive\/icem\/continua-campana-internacional-para-sacar-del-podio-olimpico-a-rio-tinto\/#breadcrumb\"},\"inLanguage\":\"es-ES\",\"potentialAction\":[{\"@type\":\"ReadAction\",\"target\":[\"https:\/\/admin.industriall-union.org\/es\/archive\/icem\/continua-campana-internacional-para-sacar-del-podio-olimpico-a-rio-tinto\/\"]}]},{\"@type\":\"BreadcrumbList\",\"@id\":\"https:\/\/admin.industriall-union.org\/es\/archive\/icem\/continua-campana-internacional-para-sacar-del-podio-olimpico-a-rio-tinto\/#breadcrumb\",\"itemListElement\":[{\"@type\":\"ListItem\",\"position\":1,\"name\":\"Home\",\"item\":\"https:\/\/admin.industriall-union.org\/\"},{\"@type\":\"ListItem\",\"position\":2,\"name\":\"Archive icem\",\"item\":\"https:\/\/admin.industriall-union.org\/archive\/icem\/\"},{\"@type\":\"ListItem\",\"position\":3,\"name\":\"Contin\u00faa campa\u00f1a internacional para sacar del podio ol\u00edmpico a Rio Tinto\"}]},{\"@type\":\"WebSite\",\"@id\":\"https:\/\/admin.industriall-union.org\/#website\",\"url\":\"https:\/\/admin.industriall-union.org\/\",\"name\":\"industriall-union\",\"description\":\"\",\"potentialAction\":[{\"@type\":\"SearchAction\",\"target\":{\"@type\":\"EntryPoint\",\"urlTemplate\":\"https:\/\/admin.industriall-union.org\/?s={search_term_string}\"},\"query-input\":{\"@type\":\"PropertyValueSpecification\",\"valueRequired\":true,\"valueName\":\"search_term_string\"}}],\"inLanguage\":\"es-ES\"}]}<\/script>\n<!-- \/ Yoast SEO Premium plugin. -->","yoast_head_json":{"title":"Contin\u00faa campa\u00f1a internacional para sacar del podio ol\u00edmpico a Rio Tinto - industriall-union","robots":{"index":"index","follow":"follow","max-snippet":"max-snippet:-1","max-image-preview":"max-image-preview:large","max-video-preview":"max-video-preview:-1"},"canonical":"https:\/\/admin.industriall-union.org\/es\/archive\/icem\/continua-campana-internacional-para-sacar-del-podio-olimpico-a-rio-tinto\/","og_locale":"es_ES","og_type":"article","og_title":"Contin\u00faa campa\u00f1a internacional para sacar del podio ol\u00edmpico a Rio Tinto","og_description":"&nbsp; En esta &uacute;ltima semana, se han registrado nuevas protestas sindicales en Australia y Suiza contra Rio Tinto, empresa que viola los derechos sindicales, por su mal trato de 780 trabajadores sider&uacute;rgicos canadienses en Alma, Qu&eacute;bec. Las protestas de Australia y Suiza volvieron a suscitar publicidad a nivel internacional, como parte de la campa&ntilde;a para [&hellip;]","og_url":"https:\/\/admin.industriall-union.org\/es\/archive\/icem\/continua-campana-internacional-para-sacar-del-podio-olimpico-a-rio-tinto\/","og_site_name":"industriall-union","article_modified_time":"2025-01-31T13:59:41+00:00","twitter_card":"summary_large_image","twitter_misc":{"Est. reading time":"2 minutes"},"schema":{"@context":"https:\/\/schema.org","@graph":[{"@type":"WebPage","@id":"https:\/\/admin.industriall-union.org\/es\/archive\/icem\/continua-campana-internacional-para-sacar-del-podio-olimpico-a-rio-tinto\/","url":"https:\/\/admin.industriall-union.org\/es\/archive\/icem\/continua-campana-internacional-para-sacar-del-podio-olimpico-a-rio-tinto\/","name":"Contin\u00faa campa\u00f1a internacional para sacar del podio ol\u00edmpico a Rio Tinto - industriall-union","isPartOf":{"@id":"https:\/\/admin.industriall-union.org\/#website"},"datePublished":"2012-05-16T16:11:49+00:00","dateModified":"2025-01-31T13:59:41+00:00","breadcrumb":{"@id":"https:\/\/admin.industriall-union.org\/es\/archive\/icem\/continua-campana-internacional-para-sacar-del-podio-olimpico-a-rio-tinto\/#breadcrumb"},"inLanguage":"es-ES","potentialAction":[{"@type":"ReadAction","target":["https:\/\/admin.industriall-union.org\/es\/archive\/icem\/continua-campana-internacional-para-sacar-del-podio-olimpico-a-rio-tinto\/"]}]},{"@type":"BreadcrumbList","@id":"https:\/\/admin.industriall-union.org\/es\/archive\/icem\/continua-campana-internacional-para-sacar-del-podio-olimpico-a-rio-tinto\/#breadcrumb","itemListElement":[{"@type":"ListItem","position":1,"name":"Home","item":"https:\/\/admin.industriall-union.org\/"},{"@type":"ListItem","position":2,"name":"Archive icem","item":"https:\/\/admin.industriall-union.org\/archive\/icem\/"},{"@type":"ListItem","position":3,"name":"Contin\u00faa campa\u00f1a internacional para sacar del podio ol\u00edmpico a Rio Tinto"}]},{"@type":"WebSite","@id":"https:\/\/admin.industriall-union.org\/#website","url":"https:\/\/admin.industriall-union.org\/","name":"industriall-union","description":"","potentialAction":[{"@type":"SearchAction","target":{"@type":"EntryPoint","urlTemplate":"https:\/\/admin.industriall-union.org\/?s={search_term_string}"},"query-input":{"@type":"PropertyValueSpecification","valueRequired":true,"valueName":"search_term_string"}}],"inLanguage":"es-ES"}]}},"_links":{"self":[{"href":"https:\/\/admin.industriall-union.org\/es\/wp-json\/wp\/v2\/archive_icem\/176230","targetHints":{"allow":["GET"]}}],"collection":[{"href":"https:\/\/admin.industriall-union.org\/es\/wp-json\/wp\/v2\/archive_icem"}],"about":[{"href":"https:\/\/admin.industriall-union.org\/es\/wp-json\/wp\/v2\/types\/archive_icem"}],"wp:attachment":[{"href":"https:\/\/admin.industriall-union.org\/es\/wp-json\/wp\/v2\/media?parent=176230"}],"curies":[{"name":"wp","href":"https:\/\/api.w.org\/{rel}","templated":true}]}}

Continúa campaña internacional para sacar del podio olímpico a Rio Tinto

<!-- This site is optimized with the Yoast SEO Premium plugin v27.1 (Yoast SEO v27.1) - https://yoast.com/product/yoast-seo-premium-wordpress/ -->
<title>Continúa campaña internacional para sacar del podio olímpico a Rio Tinto - industriall-union</title>
<meta name="robots" content="index, follow, max-snippet:-1, max-image-preview:large, max-video-preview:-1" />
<link rel="canonical" href="https://admin.industriall-union.org/es/archive/icem/continua-campana-internacional-para-sacar-del-podio-olimpico-a-rio-tinto/" />
<meta property="og:locale" content="es_ES" />
<meta property="og:type" content="article" />
<meta property="og:title" content="Continúa campaña internacional para sacar del podio olímpico a Rio Tinto" />
<meta property="og:description" content="&nbsp; En esta &uacute;ltima semana, se han registrado nuevas protestas sindicales en Australia y Suiza contra Rio Tinto, empresa que viola los derechos sindicales, por su mal trato de 780 trabajadores sider&uacute;rgicos canadienses en Alma, Qu&eacute;bec. Las protestas de Australia y Suiza volvieron a suscitar publicidad a nivel internacional, como parte de la campa&ntilde;a para [&hellip;]" />
<meta property="og:url" content="https://admin.industriall-union.org/es/archive/icem/continua-campana-internacional-para-sacar-del-podio-olimpico-a-rio-tinto/" />
<meta property="og:site_name" content="industriall-union" />
<meta property="article:modified_time" content="2025-01-31T13:59:41+00:00" />
<meta name="twitter:card" content="summary_large_image" />
<meta name="twitter:label1" content="Est. reading time" />
	<meta name="twitter:data1" content="2 minutes" />
<script type="application/ld+json" class="yoast-schema-graph">{"@context":"https://schema.org","@graph":[{"@type":"WebPage","@id":"https://admin.industriall-union.org/es/archive/icem/continua-campana-internacional-para-sacar-del-podio-olimpico-a-rio-tinto/","url":"https://admin.industriall-union.org/es/archive/icem/continua-campana-internacional-para-sacar-del-podio-olimpico-a-rio-tinto/","name":"Continúa campaña internacional para sacar del podio olímpico a Rio Tinto - industriall-union","isPartOf":{"@id":"https://admin.industriall-union.org/#website"},"datePublished":"2012-05-16T16:11:49+00:00","dateModified":"2025-01-31T13:59:41+00:00","breadcrumb":{"@id":"https://admin.industriall-union.org/es/archive/icem/continua-campana-internacional-para-sacar-del-podio-olimpico-a-rio-tinto/#breadcrumb"},"inLanguage":"es-ES","potentialAction":[{"@type":"ReadAction","target":["https://admin.industriall-union.org/es/archive/icem/continua-campana-internacional-para-sacar-del-podio-olimpico-a-rio-tinto/"]}]},{"@type":"BreadcrumbList","@id":"https://admin.industriall-union.org/es/archive/icem/continua-campana-internacional-para-sacar-del-podio-olimpico-a-rio-tinto/#breadcrumb","itemListElement":[{"@type":"ListItem","position":1,"name":"Home","item":"https://admin.industriall-union.org/"},{"@type":"ListItem","position":2,"name":"Archive icem","item":"https://admin.industriall-union.org/archive/icem/"},{"@type":"ListItem","position":3,"name":"Continúa campaña internacional para sacar del podio olímpico a Rio Tinto"}]},{"@type":"WebSite","@id":"https://admin.industriall-union.org/#website","url":"https://admin.industriall-union.org/","name":"industriall-union","description":"","potentialAction":[{"@type":"SearchAction","target":{"@type":"EntryPoint","urlTemplate":"https://admin.industriall-union.org/?s={search_term_string}"},"query-input":{"@type":"PropertyValueSpecification","valueRequired":true,"valueName":"search_term_string"}}],"inLanguage":"es-ES"}]}</script>
<!-- / Yoast SEO Premium plugin. -->

Continúa campaña internacional para sacar del podio olímpico a Rio Tinto - industriall-union
